Last updated on 2015-02-05 23:50:24.
Flavor | Version | Tinstall | Tcheck | Ttotal | Status | Flags |
---|---|---|---|---|---|---|
r-devel-linux-x86_64-debian-clang | 1.3 | 4.23 | 34.50 | 38.73 | NOTE | |
r-devel-linux-x86_64-debian-gcc | 1.3 | 4.04 | 33.10 | 37.14 | NOTE | |
r-devel-linux-x86_64-fedora-clang | 1.3 | 79.31 | NOTE | |||
r-devel-linux-x86_64-fedora-gcc | 1.3 | 72.67 | NOTE | |||
r-devel-osx-x86_64-clang | 1.3 | 73.85 | NOTE | |||
r-devel-windows-ix86+x86_64 | 1.3 | 25.00 | 67.00 | 92.00 | OK | |
r-patched-linux-x86_64 | 1.3 | 4.87 | 41.78 | 46.65 | OK | |
r-patched-solaris-sparc | 1.3 | 527.00 | OK | |||
r-patched-solaris-x86 | 1.3 | 140.90 | OK | |||
r-release-linux-ix86 | 1.3 | 5.96 | 51.14 | 57.10 | OK | |
r-release-linux-x86_64 | 1.3 | 4.93 | 41.42 | 46.35 | OK | |
r-release-osx-x86_64-mavericks | 1.3 | OK | ||||
r-release-osx-x86_64-snowleopard | 1.3 | OK | ||||
r-release-windows-ix86+x86_64 | 1.3 | 26.00 | 86.00 | 112.00 | OK | |
r-oldrel-windows-ix86+x86_64 | 1.3 | 23.00 | 98.00 | 121.00 | OK |
Version: 1.3
Check: S3 generic/method consistency
Result: NOTE
Found the following apparent S3 methods exported but not registered:
plot.gSlc summary.gSlc
See section ‘Registering S3 methods’ in the ‘Writing R Extensions’
manual.
Flavors: r-devel-linux-x86_64-debian-clang, r-devel-linux-x86_64-fedora-clang, r-devel-linux-x86_64-fedora-gcc, r-devel-osx-x86_64-clang
Version: 1.3
Check: S3 generic/method consistency
Result: NOTE
Found the following apparent S3 methods exported but not registered:
summary.gSlc plot.gSlc
See section ‘Registering S3 methods’ in the ‘Writing R Extensions’
manual.
Flavor: r-devel-linux-x86_64-debian-gcc