Last updated on 2015-02-05 23:50:24.
Flavor | Version | Tinstall | Tcheck | Ttotal | Status | Flags |
---|---|---|---|---|---|---|
r-devel-linux-x86_64-debian-clang | 0.1-5 | 2.40 | 41.28 | 43.68 | OK | |
r-devel-linux-x86_64-debian-gcc | 0.1-5 | 2.37 | 40.54 | 42.91 | OK | |
r-devel-linux-x86_64-fedora-clang | 0.1-5 | 85.49 | OK | |||
r-devel-linux-x86_64-fedora-gcc | 0.1-5 | 83.65 | OK | |||
r-devel-osx-x86_64-clang | 0.1-5 | 81.68 | OK | |||
r-devel-windows-ix86+x86_64 | 0.1-5 | 12.00 | 62.00 | 74.00 | OK | |
r-patched-linux-x86_64 | 0.1-5 | 2.92 | 49.74 | 52.65 | OK | |
r-patched-solaris-sparc | 0.1-5 | 635.10 | OK | |||
r-patched-solaris-x86 | 0.1-5 | 134.40 | OK | |||
r-release-linux-ix86 | 0.1-5 | 3.48 | 58.84 | 62.31 | OK | |
r-release-linux-x86_64 | 0.1-5 | 2.83 | 49.65 | 52.48 | OK | |
r-release-osx-x86_64-mavericks | 0.1-5 | ERROR | ||||
r-release-osx-x86_64-snowleopard | 0.1-5 | OK | ||||
r-release-windows-ix86+x86_64 | 0.1-5 | 14.00 | 74.00 | 88.00 | OK | |
r-oldrel-windows-ix86+x86_64 | 0.1-5 | 11.00 | 75.00 | 86.00 | OK |
Version: 0.1-5
Check: package dependencies
Result: ERROR
Package required but not available: ‘constrainedKriging’
See the information on DESCRIPTION files in the chapter ‘Creating R
packages’ of the ‘Writing R Extensions’ manual.
Flavor: r-release-osx-x86_64-mavericks