CRAN Package Check Results for Package ggdendro

Last updated on 2015-02-05 23:50:24.

Flavor Version Tinstall Tcheck Ttotal Status Flags
r-devel-linux-x86_64-debian-clang 0.1-15 1.67 25.61 27.28 NOTE
r-devel-linux-x86_64-debian-gcc 0.1-15 1.20 24.02 25.22 NOTE
r-devel-linux-x86_64-fedora-clang 0.1-15 52.88 NOTE
r-devel-linux-x86_64-fedora-gcc 0.1-15 48.86 NOTE
r-devel-osx-x86_64-clang 0.1-15 49.65 NOTE
r-devel-windows-ix86+x86_64 0.1-15 8.00 39.00 47.00 OK
r-patched-linux-x86_64 0.1-15 1.84 33.65 35.49 OK
r-patched-solaris-sparc 0.1-15 398.00 OK
r-patched-solaris-x86 0.1-15 88.60 OK
r-release-linux-ix86 0.1-15 2.34 41.16 43.50 OK
r-release-linux-x86_64 0.1-15 1.84 34.71 36.55 OK
r-release-osx-x86_64-mavericks 0.1-15 OK
r-release-osx-x86_64-snowleopard 0.1-15 OK
r-release-windows-ix86+x86_64 0.1-15 11.00 57.00 68.00 OK
r-oldrel-windows-ix86+x86_64 0.1-15 7.00 59.00 66.00 OK

Check Details

Version: 0.1-15
Check: S3 generic/method consistency
Result: NOTE
    Found the following apparent S3 methods exported but not registered:
     dendro_data.default dendro_data.dendrogram dendro_data.hclust
    See section ‘Registering S3 methods’ in the ‘Writing R Extensions’
    manual.
Flavors: r-devel-linux-x86_64-debian-clang, r-devel-linux-x86_64-debian-gcc, r-devel-linux-x86_64-fedora-clang, r-devel-linux-x86_64-fedora-gcc, r-devel-osx-x86_64-clang