Last updated on 2015-02-05 23:50:25.
Flavor | Version | Tinstall | Tcheck | Ttotal | Status | Flags |
---|---|---|---|---|---|---|
r-devel-linux-x86_64-debian-clang | 2.1.0 | 1.78 | 46.38 | 48.16 | NOTE | |
r-devel-linux-x86_64-debian-gcc | 2.1.0 | 1.73 | 45.72 | 47.45 | NOTE | |
r-devel-linux-x86_64-fedora-clang | 2.1.0 | 96.46 | NOTE | |||
r-devel-linux-x86_64-fedora-gcc | 2.1.0 | 91.21 | NOTE | |||
r-devel-osx-x86_64-clang | 2.1.0 | 94.86 | NOTE | |||
r-devel-windows-ix86+x86_64 | 2.1.0 | 10.00 | 78.00 | 88.00 | NOTE | |
r-patched-linux-x86_64 | 2.1.0 | 2.21 | 57.03 | 59.24 | OK | |
r-patched-solaris-sparc | 2.1.0 | 655.30 | OK | |||
r-patched-solaris-x86 | 2.1.0 | 144.00 | OK | |||
r-release-linux-ix86 | 2.1.0 | 2.65 | 67.79 | 70.44 | OK | |
r-release-linux-x86_64 | 2.1.0 | 2.30 | 58.91 | 61.21 | OK | |
r-release-osx-x86_64-mavericks | 2.1.0 | OK | ||||
r-release-osx-x86_64-snowleopard | 2.1.0 | OK | ||||
r-release-windows-ix86+x86_64 | 2.1.0 | 13.00 | 93.00 | 106.00 | OK | |
r-oldrel-windows-ix86+x86_64 | 2.1.0 | 8.00 | 102.00 | 110.00 | OK |
Version: 2.1.0
Check: dependencies in R code
Result: NOTE
'library' or 'require' call to ‘pander’ in package code.
Please use :: or requireNamespace() instead.
See section 'Suggested packages' in the 'Writing R Extensions' manual.
Flavors: r-devel-linux-x86_64-debian-clang, r-devel-linux-x86_64-debian-gcc, r-devel-linux-x86_64-fedora-clang, r-devel-linux-x86_64-fedora-gcc, r-devel-osx-x86_64-clang, r-devel-windows-ix86+x86_64