CRAN Package Check Results for Package gibbs.met

Last updated on 2015-02-05 23:50:25.

Flavor Version Tinstall Tcheck Ttotal Status Flags
r-devel-linux-x86_64-debian-clang 1.1-3 0.50 9.19 9.69 NOTE
r-devel-linux-x86_64-debian-gcc 1.1-3 0.47 9.78 10.25 NOTE
r-devel-linux-x86_64-fedora-clang 1.1-3 18.36 NOTE
r-devel-linux-x86_64-fedora-gcc 1.1-3 16.83 NOTE
r-devel-osx-x86_64-clang 1.1-3 26.79 NOTE
r-devel-windows-ix86+x86_64 1.1-3 3.00 16.00 19.00 NOTE
r-patched-linux-x86_64 1.1-3 0.53 9.58 10.10 NOTE
r-patched-solaris-sparc 1.1-3 112.90 NOTE
r-patched-solaris-x86 1.1-3 29.80 NOTE
r-release-linux-ix86 1.1-3 0.78 15.58 16.36 NOTE
r-release-linux-x86_64 1.1-3 0.58 9.46 10.04 NOTE
r-release-osx-x86_64-mavericks 1.1-3 NOTE
r-release-windows-ix86+x86_64 1.1-3 2.00 23.00 25.00 NOTE
r-oldrel-windows-ix86+x86_64 1.1-3 2.00 16.00 18.00 NOTE

Check Details

Version: 1.1-3
Check: R code for possible problems
Result: NOTE
    NB: .First.lib is obsolete and will not be used in R >= 3.0.0
    File ‘gibbs.met/R/firstlib.R’:
     .First.lib calls:
     cat("Naive Gibbs Sampling with Metropolis steps(gibbs.met) loaded\n", "COPYRIGHT 2008 (c) Longhai Li (http://math.usask.ca/~longhai)\n", "Type ?begin.gibbs.met for help to this package\n", sep = "")
    
    Package startup functions should use ‘packageStartupMessage’ to
     generate messages.
    See section ‘Good practice’ in '?.onAttach'.
Flavors: r-devel-linux-x86_64-debian-clang, r-devel-linux-x86_64-debian-gcc, r-devel-linux-x86_64-fedora-clang, r-devel-linux-x86_64-fedora-gcc, r-devel-osx-x86_64-clang, r-devel-windows-ix86+x86_64, r-patched-linux-x86_64, r-patched-solaris-sparc, r-patched-solaris-x86, r-release-linux-ix86, r-release-linux-x86_64, r-release-osx-x86_64-mavericks, r-release-windows-ix86+x86_64, r-oldrel-windows-ix86+x86_64