Last updated on 2015-02-05 23:50:25.
Flavor | Version | Tinstall | Tcheck | Ttotal | Status | Flags |
---|---|---|---|---|---|---|
r-devel-linux-x86_64-debian-clang | 2160.2 | 1.46 | 18.39 | 19.85 | OK | |
r-devel-linux-x86_64-debian-gcc | 2160.2 | 1.72 | 18.26 | 19.98 | OK | |
r-devel-linux-x86_64-fedora-clang | 2160.2 | 38.06 | OK | |||
r-devel-linux-x86_64-fedora-gcc | 2160.2 | 36.75 | OK | |||
r-devel-osx-x86_64-clang | 2160.2 | 42.46 | OK | |||
r-devel-windows-ix86+x86_64 | 2160.2 | 17.00 | 51.00 | 68.00 | OK | |
r-patched-linux-x86_64 | 2160.2 | 1.73 | 19.01 | 20.74 | OK | |
r-patched-solaris-sparc | 2160.2 | 273.40 | OK | |||
r-patched-solaris-x86 | 2160.2 | 58.40 | OK | |||
r-release-linux-ix86 | 2160.2 | 2.32 | 27.54 | 29.86 | ERROR | |
r-release-linux-x86_64 | 2160.2 | 1.73 | 20.20 | 21.93 | OK | |
r-release-osx-x86_64-mavericks | 2160.2 | OK | ||||
r-release-windows-ix86+x86_64 | 2160.2 | 12.00 | 55.00 | 67.00 | OK | |
r-oldrel-windows-ix86+x86_64 | 2160.2 | 12.00 | 60.00 | 72.00 | OK |
Version: 2160.2
Check: tests
Result: ERROR
Running the tests in ‘tests/doRUnit.R’ failed.
Last 13 lines of output:
Number of failures: 1
1 Test Suite :
gldist unit testing - 5 test functions, 0 errors, 1 failure
FAILURE in test.dgl: Error in checkEquals(dgl(x, pars), Rdgl(x, pars)) :
Mean relative difference: 0.007085961
Error in eval(expr, envir, enclos) :
unit testing failed (#test failures: 1, R errors: 0)
Calls: source -> withVisible -> eval -> eval
Execution halted
Flavor: r-release-linux-ix86