Last updated on 2015-02-05 23:50:25.
Flavor | Version | Tinstall | Tcheck | Ttotal | Status | Flags |
---|---|---|---|---|---|---|
r-devel-linux-x86_64-debian-clang | 1.0 | 3.71 | 43.90 | 47.61 | NOTE | |
r-devel-linux-x86_64-debian-gcc | 1.0 | 3.38 | 43.92 | 47.31 | NOTE | |
r-devel-linux-x86_64-fedora-clang | 1.0 | 101.92 | NOTE | |||
r-devel-linux-x86_64-fedora-gcc | 1.0 | 97.03 | NOTE | |||
r-devel-osx-x86_64-clang | 1.0 | 98.34 | OK | |||
r-devel-windows-ix86+x86_64 | 1.0 | 13.00 | 62.00 | 75.00 | OK | |
r-patched-linux-x86_64 | 1.0 | 5.52 | 57.45 | 62.97 | NOTE | |
r-patched-solaris-sparc | 1.0 | 751.10 | OK | |||
r-patched-solaris-x86 | 1.0 | 186.40 | OK | |||
r-release-linux-ix86 | 1.0 | 5.56 | 65.62 | 71.18 | NOTE | |
r-release-linux-x86_64 | 1.0 | 5.01 | 55.84 | 60.85 | NOTE | |
r-release-osx-x86_64-mavericks | 1.0 | OK | ||||
r-release-osx-x86_64-snowleopard | 1.0 | OK | ||||
r-release-windows-ix86+x86_64 | 1.0 | 20.00 | 83.00 | 103.00 | OK | |
r-oldrel-windows-ix86+x86_64 | 1.0 | 12.00 | 82.00 | 94.00 | OK |
Version: 1.0
Check: top-level files
Result: NOTE
Non-standard file/directory found at top level:
‘examples’
Flavors: r-devel-linux-x86_64-debian-clang, r-devel-linux-x86_64-debian-gcc, r-devel-linux-x86_64-fedora-clang, r-devel-linux-x86_64-fedora-gcc, r-patched-linux-x86_64, r-release-linux-ix86, r-release-linux-x86_64
Version: 1.0
Check: Rd line widths
Result: NOTE
Rd file 'fSAE.Rd':
\examples lines wider than 100 characters:
est.global <- fSAE(y0 ~ x + area2, data=d$sam, area=NULL, popdata=colSums(d$Xpop), method="synthetic")
Rd file 'plot.sae.Rd':
\usage lines wider than 90 characters:
main = switch(type, coef = "coefficients", raneff = "random effects", "SAE estimates"),
Rd file 'uweights.Rd':
\examples lines wider than 100 characters:
sae <- fSAE(y0 ~ x + area2, data=d$sam, area="area", popdata=d$Xpop, method="hybrid", keep.data=TRUE)
These lines will be truncated in the PDF manual.
Flavors: r-devel-linux-x86_64-debian-clang, r-devel-linux-x86_64-debian-gcc, r-devel-linux-x86_64-fedora-clang, r-devel-linux-x86_64-fedora-gcc, r-patched-linux-x86_64, r-release-linux-ix86, r-release-linux-x86_64