Last updated on 2015-02-05 23:50:26.
Flavor | Version | Tinstall | Tcheck | Ttotal | Status | Flags |
---|---|---|---|---|---|---|
r-devel-linux-x86_64-debian-clang | 1.0.0 | 1.31 | 17.00 | 18.31 | NOTE | |
r-devel-linux-x86_64-debian-gcc | 1.0.0 | 1.24 | 17.04 | 18.27 | NOTE | |
r-devel-linux-x86_64-fedora-clang | 1.0.0 | 36.17 | NOTE | |||
r-devel-linux-x86_64-fedora-gcc | 1.0.0 | 35.84 | NOTE | |||
r-devel-osx-x86_64-clang | 1.0.0 | 36.54 | NOTE | |||
r-devel-windows-ix86+x86_64 | 1.0.0 | 7.00 | 30.00 | 37.00 | OK | |
r-patched-linux-x86_64 | 1.0.0 | 1.71 | 21.11 | 22.82 | OK | |
r-patched-solaris-sparc | 1.0.0 | 248.40 | OK | |||
r-patched-solaris-x86 | 1.0.0 | 61.90 | OK | |||
r-release-linux-ix86 | 1.0.0 | 1.97 | 27.73 | 29.70 | OK | |
r-release-linux-x86_64 | 1.0.0 | 1.60 | 20.76 | 22.36 | OK | |
r-release-osx-x86_64-mavericks | 1.0.0 | OK | ||||
r-release-osx-x86_64-snowleopard | 1.0.0 | OK | ||||
r-release-windows-ix86+x86_64 | 1.0.0 | 10.00 | 34.00 | 44.00 | OK | |
r-oldrel-windows-ix86+x86_64 | 1.0.0 | 7.00 | 34.00 | 41.00 | OK |
Version: 1.0.0
Check: S3 generic/method consistency
Result: NOTE
Found the following apparent S3 methods exported but not registered:
plot.imgur_gallery_image
See section ‘Registering S3 methods’ in the ‘Writing R Extensions’
manual.
Flavors: r-devel-linux-x86_64-debian-clang, r-devel-linux-x86_64-debian-gcc, r-devel-linux-x86_64-fedora-clang, r-devel-linux-x86_64-fedora-gcc, r-devel-osx-x86_64-clang