CRAN Package Check Results for Package inline

Last updated on 2015-02-05 23:50:26.

Flavor Version Tinstall Tcheck Ttotal Status Flags
r-devel-linux-x86_64-debian-clang 0.3.13 0.84 14.03 14.86 NOTE
r-devel-linux-x86_64-debian-gcc 0.3.13 0.71 13.24 13.95 NOTE
r-devel-linux-x86_64-fedora-clang 0.3.13 28.02 NOTE
r-devel-linux-x86_64-fedora-gcc 0.3.13 26.15 NOTE
r-devel-osx-x86_64-clang 0.3.13 34.93 NOTE
r-devel-windows-ix86+x86_64 0.3.13 6.00 26.00 32.00 NOTE
r-patched-linux-x86_64 0.3.13 1.12 14.75 15.87 NOTE
r-patched-solaris-sparc 0.3.13 183.30 NOTE
r-patched-solaris-x86 0.3.13 46.50 NOTE
r-release-linux-ix86 0.3.13 1.12 21.26 22.38 NOTE
r-release-linux-x86_64 0.3.13 0.85 14.46 15.31 NOTE
r-release-osx-x86_64-mavericks 0.3.13 NOTE
r-release-windows-ix86+x86_64 0.3.13 3.00 26.00 29.00 NOTE
r-oldrel-windows-ix86+x86_64 0.3.13 3.00 25.00 28.00 NOTE

Check Details

Version: 0.3.13
Check: dependencies in R code
Result: NOTE
    'library' or 'require' call to ‘Rcpp’ in package code.
     Please use :: or requireNamespace() instead.
     See section 'Suggested packages' in the 'Writing R Extensions' manual.
    ':::' call which should be '::': ‘Rcpp:::RcppLdFlags’
     See the note in ?`:::` about the use of this operator.
Flavors: r-devel-linux-x86_64-debian-clang, r-devel-linux-x86_64-debian-gcc, r-devel-linux-x86_64-fedora-clang, r-devel-linux-x86_64-fedora-gcc, r-devel-osx-x86_64-clang, r-devel-windows-ix86+x86_64

Version: 0.3.13
Check: dependencies in R code
Result: NOTE
    ':::' call which should be '::': ‘Rcpp:::RcppLdFlags’
     See the note in ?`:::` about the use of this operator.
    See the information on DESCRIPTION files in the chapter ‘Creating R
    packages’ of the ‘Writing R Extensions’ manual.
Flavors: r-patched-linux-x86_64, r-patched-solaris-sparc, r-patched-solaris-x86, r-release-linux-ix86, r-release-linux-x86_64, r-release-osx-x86_64-mavericks, r-release-windows-ix86+x86_64, r-oldrel-windows-ix86+x86_64