Last updated on 2015-02-05 23:50:26.
Flavor | Version | Tinstall | Tcheck | Ttotal | Status | Flags |
---|---|---|---|---|---|---|
r-devel-linux-x86_64-debian-clang | 0.2.6 | 8.71 | 13.30 | 22.01 | NOTE | |
r-devel-linux-x86_64-debian-gcc | 0.2.6 | 9.62 | 13.52 | 23.14 | NOTE | |
r-devel-linux-x86_64-fedora-clang | 0.2.6 | 47.72 | NOTE | |||
r-devel-linux-x86_64-fedora-gcc | 0.2.6 | 43.57 | NOTE | |||
r-devel-osx-x86_64-clang | 0.2.6 | 44.13 | NOTE | |||
r-devel-windows-ix86+x86_64 | 0.2.6 | 52.00 | 36.00 | 88.00 | NOTE | |
r-patched-linux-x86_64 | 0.2.6 | 10.07 | 15.47 | 25.54 | NOTE | |
r-patched-solaris-sparc | 0.2.6 | 308.50 | OK | |||
r-patched-solaris-x86 | 0.2.6 | 66.30 | NOTE | |||
r-release-linux-ix86 | 0.2.6 | 11.89 | 22.02 | 33.91 | OK | |
r-release-linux-x86_64 | 0.2.6 | 9.75 | 15.24 | 24.99 | OK | |
r-release-osx-x86_64-mavericks | 0.2.6 | NOTE | ||||
r-release-osx-x86_64-snowleopard | 0.2.6 | OK | ||||
r-release-windows-ix86+x86_64 | 0.2.6 | 56.00 | 39.00 | 95.00 | OK | |
r-oldrel-windows-ix86+x86_64 | 0.2.6 | 53.00 | 63.00 | 116.00 | OK |
Version: 0.2.6
Check: for GNU extensions in Makefiles
Result: NOTE
GNU make is a SystemRequirements.
Flavors: r-devel-linux-x86_64-debian-clang, r-devel-linux-x86_64-debian-gcc, r-devel-linux-x86_64-fedora-clang, r-devel-linux-x86_64-fedora-gcc, r-devel-osx-x86_64-clang, r-devel-windows-ix86+x86_64, r-patched-linux-x86_64, r-patched-solaris-x86, r-release-osx-x86_64-mavericks