Last updated on 2015-02-05 23:50:27.
Flavor | Version | Tinstall | Tcheck | Ttotal | Status | Flags |
---|---|---|---|---|---|---|
r-devel-linux-x86_64-debian-clang | 1.1 | 3.03 | 43.14 | 46.17 | NOTE | |
r-devel-linux-x86_64-debian-gcc | 1.1 | 2.91 | 40.84 | 43.74 | NOTE | |
r-devel-linux-x86_64-fedora-clang | 1.1 | 94.16 | NOTE | |||
r-devel-linux-x86_64-fedora-gcc | 1.1 | 91.37 | NOTE | |||
r-devel-osx-x86_64-clang | 1.1 | 83.70 | NOTE | |||
r-devel-windows-ix86+x86_64 | 1.1 | 11.00 | 61.00 | 72.00 | NOTE | |
r-patched-linux-x86_64 | 1.1 | 3.92 | 51.72 | 55.64 | NOTE | |
r-patched-solaris-sparc | 1.1 | 698.10 | NOTE | |||
r-patched-solaris-x86 | 1.1 | 167.50 | NOTE | |||
r-release-linux-ix86 | 1.1 | 4.57 | 63.90 | 68.46 | NOTE | |
r-release-linux-x86_64 | 1.1 | 3.86 | 51.09 | 54.95 | NOTE | |
r-release-osx-x86_64-mavericks | 1.1 | NOTE | ||||
r-release-osx-x86_64-snowleopard | 1.1 | OK | ||||
r-release-windows-ix86+x86_64 | 1.1 | 16.00 | 77.00 | 93.00 | NOTE | |
r-oldrel-windows-ix86+x86_64 | 1.1 | 11.00 | 69.00 | 80.00 | OK |
Version: 1.1
Check: R code for possible problems
Result: NOTE
pval.pFsum: no visible global function definition for ‘degf’
Flavors: r-devel-linux-x86_64-debian-clang, r-devel-linux-x86_64-debian-gcc, r-devel-linux-x86_64-fedora-clang, r-devel-linux-x86_64-fedora-gcc, r-devel-osx-x86_64-clang, r-devel-windows-ix86+x86_64, r-patched-linux-x86_64, r-patched-solaris-sparc, r-patched-solaris-x86, r-release-linux-ix86, r-release-linux-x86_64, r-release-osx-x86_64-mavericks, r-release-windows-ix86+x86_64