Last updated on 2015-02-05 23:50:27.
Flavor | Version | Tinstall | Tcheck | Ttotal | Status | Flags |
---|---|---|---|---|---|---|
r-devel-linux-x86_64-debian-clang | 0.34-1 | 1.36 | 15.48 | 16.85 | NOTE | |
r-devel-linux-x86_64-debian-gcc | 0.34-1 | 1.46 | 15.52 | 16.97 | NOTE | |
r-devel-linux-x86_64-fedora-clang | 0.34-1 | 32.73 | NOTE | |||
r-devel-linux-x86_64-fedora-gcc | 0.34-1 | 31.17 | NOTE | |||
r-devel-osx-x86_64-clang | 0.34-1 | 39.81 | NOTE | |||
r-devel-windows-ix86+x86_64 | 0.34-1 | 12.00 | 34.00 | 46.00 | NOTE | |
r-patched-linux-x86_64 | 0.34-1 | 1.60 | 17.56 | 19.16 | NOTE | |
r-patched-solaris-sparc | 0.34-1 | 236.40 | NOTE | |||
r-patched-solaris-x86 | 0.34-1 | 50.60 | NOTE | |||
r-release-linux-ix86 | 0.34-1 | 2.17 | 45.77 | 47.94 | NOTE | |
r-release-linux-x86_64 | 0.34-1 | 1.57 | 17.92 | 19.49 | NOTE | |
r-release-osx-x86_64-mavericks | 0.34-1 | NOTE | ||||
r-release-osx-x86_64-snowleopard | 0.34-1 | NOTE | ||||
r-release-windows-ix86+x86_64 | 0.34-1 | 13.00 | 43.00 | 56.00 | NOTE | |
r-oldrel-windows-ix86+x86_64 | 0.34-1 | 11.00 | 61.00 | 72.00 | NOTE |
Version: 0.34-1
Check: top-level files
Result: NOTE
Non-standard file/directory found at top level:
‘README.txt’
Flavors: r-devel-linux-x86_64-debian-clang, r-devel-linux-x86_64-debian-gcc, r-devel-linux-x86_64-fedora-clang, r-devel-linux-x86_64-fedora-gcc, r-patched-linux-x86_64, r-release-linux-ix86, r-release-linux-x86_64
Version: 0.34-1
Check: dependencies in R code
Result: NOTE
'library' or 'require' calls to packages already attached by Depends:
‘class’ ‘qtl’
Please remove these calls from your code.
Flavors: r-devel-linux-x86_64-debian-clang, r-devel-linux-x86_64-debian-gcc, r-devel-linux-x86_64-fedora-clang, r-devel-linux-x86_64-fedora-gcc, r-devel-osx-x86_64-clang, r-devel-windows-ix86+x86_64
Version: 0.34-1
Check: dependencies in R code
Result: NOTE
'library' or 'require' calls to packages already attached by Depends:
‘class’ ‘qtl’
Please remove these calls from your code.
See the information on DESCRIPTION files in the chapter ‘Creating R
packages’ of the ‘Writing R Extensions’ manual.
Flavors: r-patched-linux-x86_64, r-patched-solaris-sparc, r-patched-solaris-x86, r-release-linux-ix86, r-release-linux-x86_64, r-release-osx-x86_64-mavericks, r-release-osx-x86_64-snowleopard, r-release-windows-ix86+x86_64, r-oldrel-windows-ix86+x86_64