Last updated on 2015-02-05 23:50:27.
Flavor | Version | Tinstall | Tcheck | Ttotal | Status | Flags |
---|---|---|---|---|---|---|
r-devel-linux-x86_64-debian-clang | 0.9-33 | 1.45 | 23.64 | 25.08 | NOTE | |
r-devel-linux-x86_64-debian-gcc | 0.9-33 | 1.36 | 23.24 | 24.60 | NOTE | |
r-devel-linux-x86_64-fedora-clang | 0.9-33 | 47.48 | NOTE | |||
r-devel-linux-x86_64-fedora-gcc | 0.9-33 | 43.18 | NOTE | |||
r-devel-osx-x86_64-clang | 0.9-33 | 52.25 | NOTE | |||
r-devel-windows-ix86+x86_64 | 0.9-33 | 10.00 | 51.00 | 61.00 | NOTE | |
r-patched-linux-x86_64 | 0.9-33 | 1.54 | 25.86 | 27.40 | OK | |
r-patched-solaris-sparc | 0.9-33 | 328.70 | OK | |||
r-patched-solaris-x86 | 0.9-33 | 65.40 | OK | |||
r-release-linux-ix86 | 0.9-33 | 1.96 | 32.64 | 34.60 | OK | |
r-release-linux-x86_64 | 0.9-33 | 1.51 | 25.57 | 27.08 | OK | |
r-release-osx-x86_64-mavericks | 0.9-33 | OK | ||||
r-release-osx-x86_64-snowleopard | 0.9-33 | OK | ||||
r-release-windows-ix86+x86_64 | 0.9-33 | 10.00 | 53.00 | 63.00 | OK | |
r-oldrel-windows-ix86+x86_64 | 0.9-33 | 9.00 | 59.00 | 68.00 | OK |
Version: 0.9-33
Check: dependencies in R code
Result: NOTE
'library' or 'require' call to ‘strucchange’ in package code.
Please use :: or requireNamespace() instead.
See section 'Suggested packages' in the 'Writing R Extensions' manual.
Flavors: r-devel-linux-x86_64-debian-clang, r-devel-linux-x86_64-debian-gcc, r-devel-linux-x86_64-fedora-clang, r-devel-linux-x86_64-fedora-gcc, r-devel-osx-x86_64-clang, r-devel-windows-ix86+x86_64
Version: 0.9-33
Check: S3 generic/method consistency
Result: NOTE
Found the following apparent S3 methods exported but not registered:
coeftest.default grangertest.default lrtest.default waldtest.default
See section ‘Registering S3 methods’ in the ‘Writing R Extensions’
manual.
Flavors: r-devel-linux-x86_64-debian-clang, r-devel-linux-x86_64-debian-gcc, r-devel-linux-x86_64-fedora-clang, r-devel-linux-x86_64-fedora-gcc, r-devel-osx-x86_64-clang