Last updated on 2015-02-05 23:50:27.
Flavor | Version | Tinstall | Tcheck | Ttotal | Status | Flags |
---|---|---|---|---|---|---|
r-devel-linux-x86_64-debian-clang | 1.0-0 | 3.38 | 65.75 | 69.13 | NOTE | |
r-devel-linux-x86_64-debian-gcc | 1.0-0 | 3.32 | 65.77 | 69.09 | NOTE | |
r-devel-linux-x86_64-fedora-clang | 1.0-0 | 141.11 | NOTE | |||
r-devel-linux-x86_64-fedora-gcc | 1.0-0 | 127.37 | NOTE | |||
r-devel-osx-x86_64-clang | 1.0-0 | 116.98 | NOTE | |||
r-devel-windows-ix86+x86_64 | 1.0-0 | 15.00 | 94.00 | 109.00 | NOTE | |
r-patched-linux-x86_64 | 1.0-0 | 4.39 | 78.48 | 82.87 | NOTE | |
r-patched-solaris-sparc | 1.0-0 | 952.50 | NOTE | |||
r-patched-solaris-x86 | 1.0-0 | 217.00 | NOTE | |||
r-release-linux-ix86 | 1.0-0 | 5.00 | 91.85 | 96.85 | NOTE | |
r-release-linux-x86_64 | 1.0-0 | 4.42 | 78.16 | 82.58 | NOTE | |
r-release-osx-x86_64-mavericks | 1.0-0 | NOTE | ||||
r-release-osx-x86_64-snowleopard | 1.0-0 | OK | ||||
r-release-windows-ix86+x86_64 | 1.0-0 | 20.00 | 113.00 | 133.00 | NOTE | |
r-oldrel-windows-ix86+x86_64 | 1.0-0 | 13.00 | 112.00 | 125.00 | OK |
Version: 1.0-0
Check: S3 generic/method consistency
Result: NOTE
Found the following apparent S3 methods exported but not registered:
summary.gpcm summary.grm summary.ltm summary.rasch summary.tpm
See section ‘Registering S3 methods’ in the ‘Writing R Extensions’
manual.
Flavors: r-devel-linux-x86_64-debian-clang, r-devel-linux-x86_64-debian-gcc, r-devel-linux-x86_64-fedora-clang, r-devel-linux-x86_64-fedora-gcc, r-devel-osx-x86_64-clang
Version: 1.0-0
Check: R code for possible problems
Result: NOTE
gauher: no visible binding for global variable ‘gh’
vcov.gpcm: no visible global function definition for ‘ginv’
vcov.grm: no visible global function definition for ‘ginv’
Flavors: r-devel-linux-x86_64-debian-clang, r-devel-linux-x86_64-debian-gcc, r-devel-linux-x86_64-fedora-clang, r-devel-linux-x86_64-fedora-gcc, r-devel-osx-x86_64-clang, r-devel-windows-ix86+x86_64, r-patched-linux-x86_64, r-patched-solaris-sparc, r-patched-solaris-x86, r-release-linux-ix86, r-release-linux-x86_64, r-release-osx-x86_64-mavericks, r-release-windows-ix86+x86_64