Last updated on 2015-02-05 23:50:27.
Flavor | Version | Tinstall | Tcheck | Ttotal | Status | Flags |
---|---|---|---|---|---|---|
r-devel-linux-x86_64-debian-clang | 1.3.3 | 3.37 | 38.75 | 42.12 | NOTE | |
r-devel-linux-x86_64-debian-gcc | 1.3.3 | 3.16 | 41.31 | 44.47 | NOTE | |
r-devel-linux-x86_64-fedora-clang | 1.3.3 | 85.77 | NOTE | |||
r-devel-linux-x86_64-fedora-gcc | 1.3.3 | 78.43 | NOTE | |||
r-devel-osx-x86_64-clang | 1.3.3 | 80.12 | NOTE | |||
r-devel-windows-ix86+x86_64 | 1.3.3 | 15.00 | 82.00 | 97.00 | NOTE | |
r-patched-linux-x86_64 | 1.3.3 | 4.55 | 45.23 | 49.78 | NOTE | |
r-patched-solaris-sparc | 1.3.3 | 575.00 | NOTE | |||
r-patched-solaris-x86 | 1.3.3 | 124.60 | NOTE | |||
r-release-linux-ix86 | 1.3.3 | 4.81 | 54.95 | 59.76 | NOTE | |
r-release-linux-x86_64 | 1.3.3 | 4.02 | 47.62 | 51.65 | NOTE | |
r-release-osx-x86_64-mavericks | 1.3.3 | NOTE | ||||
r-release-osx-x86_64-snowleopard | 1.3.3 | OK | ||||
r-release-windows-ix86+x86_64 | 1.3.3 | 20.00 | 97.00 | 117.00 | NOTE | |
r-oldrel-windows-ix86+x86_64 | 1.3.3 | 19.00 | 105.00 | 124.00 | NOTE |
Memtest notes: UBSAN-clang-trunk UBSAN-gcc UBSAN
Version: 1.3.3
Check: dependencies in R code
Result: NOTE
Missing or unexported object: ‘fts::dates.fts’
Flavors: r-devel-linux-x86_64-debian-clang, r-devel-linux-x86_64-debian-gcc, r-devel-linux-x86_64-fedora-clang, r-devel-linux-x86_64-fedora-gcc, r-devel-osx-x86_64-clang, r-devel-windows-ix86+x86_64
Version: 1.3.3
Check: S3 generic/method consistency
Result: NOTE
Found the following apparent S3 methods exported but not registered:
pretty.day pretty.hour pretty.min pretty.month pretty.point
pretty.sec pretty.unit pretty.year
See section ‘Registering S3 methods’ in the ‘Writing R Extensions’
manual.
Flavors: r-devel-linux-x86_64-debian-clang, r-devel-linux-x86_64-debian-gcc, r-devel-linux-x86_64-fedora-clang, r-devel-linux-x86_64-fedora-gcc, r-devel-osx-x86_64-clang
Version: 1.3.3
Check: dependencies in R code
Result: NOTE
Missing or unexported object: ‘fts::dates.fts’
See the information on DESCRIPTION files in the chapter ‘Creating R
packages’ of the ‘Writing R Extensions’ manual.
Flavors: r-patched-linux-x86_64, r-patched-solaris-sparc, r-patched-solaris-x86, r-release-linux-ix86, r-release-linux-x86_64, r-release-osx-x86_64-mavericks, r-release-windows-ix86+x86_64, r-oldrel-windows-ix86+x86_64