Last updated on 2015-02-05 23:50:28.
Flavor | Version | Tinstall | Tcheck | Ttotal | Status | Flags |
---|---|---|---|---|---|---|
r-devel-linux-x86_64-debian-clang | 2.2-3 | 10.30 | 10.25 | 20.54 | NOTE | |
r-devel-linux-x86_64-debian-gcc | 2.2-3 | 9.99 | 10.35 | 20.34 | NOTE | |
r-devel-linux-x86_64-fedora-clang | 2.2-3 | 36.93 | NOTE | |||
r-devel-linux-x86_64-fedora-gcc | 2.2-3 | 35.38 | NOTE | |||
r-devel-osx-x86_64-clang | 2.2-3 | 50.30 | NOTE | |||
r-devel-windows-ix86+x86_64 | 2.2-3 | 78.00 | 21.00 | 99.00 | NOTE | |
r-patched-linux-x86_64 | 2.2-3 | 10.34 | 11.70 | 22.03 | NOTE | |
r-patched-solaris-sparc | 2.2-3 | 253.70 | NOTE | |||
r-patched-solaris-x86 | 2.2-3 | 61.00 | NOTE | |||
r-release-linux-ix86 | 2.2-3 | 14.31 | 18.01 | 32.32 | NOTE | |
r-release-linux-x86_64 | 2.2-3 | 10.22 | 11.68 | 21.90 | NOTE | |
r-release-osx-x86_64-mavericks | 2.2-3 | NOTE | ||||
r-release-osx-x86_64-snowleopard | 2.2-3 | NOTE | ||||
r-release-windows-ix86+x86_64 | 2.2-3 | 65.00 | 22.00 | 87.00 | NOTE | |
r-oldrel-windows-ix86+x86_64 | 2.2-3 | 68.00 | 19.00 | 87.00 | NOTE |
Version: 2.2-3
Check: installed package size
Result: NOTE
installed size is 32.7Mb
sub-directories of 1Mb or more:
mapdata 32.6Mb
Flavors: r-devel-linux-x86_64-debian-clang, r-devel-linux-x86_64-debian-gcc, r-devel-linux-x86_64-fedora-clang, r-devel-linux-x86_64-fedora-gcc, r-devel-osx-x86_64-clang, r-devel-windows-ix86+x86_64, r-patched-linux-x86_64, r-patched-solaris-sparc, r-patched-solaris-x86, r-release-linux-ix86, r-release-linux-x86_64, r-release-osx-x86_64-mavericks, r-release-osx-x86_64-snowleopard, r-release-windows-ix86+x86_64, r-oldrel-windows-ix86+x86_64