Last updated on 2015-02-05 23:50:28.
Flavor | Version | Tinstall | Tcheck | Ttotal | Status | Flags |
---|---|---|---|---|---|---|
r-devel-linux-x86_64-debian-clang | 1.2 | 1.51 | 51.42 | 52.94 | OK | |
r-devel-linux-x86_64-debian-gcc | 1.2 | 1.58 | 53.22 | 54.80 | OK | |
r-devel-linux-x86_64-fedora-clang | 1.2 | 107.46 | OK | |||
r-devel-linux-x86_64-fedora-gcc | 1.2 | 107.38 | OK | |||
r-devel-osx-x86_64-clang | 1.2 | 98.07 | OK | |||
r-devel-windows-ix86+x86_64 | 1.2 | 10.00 | 148.00 | 158.00 | OK | |
r-patched-linux-x86_64 | 1.2 | 2.44 | 65.08 | 67.52 | OK | |
r-patched-solaris-sparc | 1.2 | 926.10 | OK | |||
r-patched-solaris-x86 | 1.2 | 180.10 | OK | |||
r-release-linux-ix86 | 1.2 | 2.67 | 87.45 | 90.12 | OK | |
r-release-linux-x86_64 | 1.2 | 2.08 | 69.47 | 71.55 | OK | |
r-release-osx-x86_64-mavericks | 1.2 | OK | ||||
r-release-osx-x86_64-snowleopard | 1.2 | ERROR | ||||
r-release-windows-ix86+x86_64 | 1.2 | 15.00 | 186.00 | 201.00 | OK | |
r-oldrel-windows-ix86+x86_64 | 1.2 | 11.00 | 206.00 | 217.00 | OK |
Version: 1.2
Check: whether package can be installed
Result: ERROR
Installation failed.
Flavor: r-release-osx-x86_64-snowleopard