CRAN Package Check Results for Package maxlike

Last updated on 2015-02-05 23:50:28.

Flavor Version Tinstall Tcheck Ttotal Status Flags
r-devel-linux-x86_64-debian-clang 0.1-5 2.54 34.58 37.12 NOTE
r-devel-linux-x86_64-debian-gcc 0.1-5 2.34 33.68 36.01 NOTE
r-devel-linux-x86_64-fedora-clang 0.1-5 75.29 NOTE
r-devel-linux-x86_64-fedora-gcc 0.1-5 74.95 NOTE
r-devel-osx-x86_64-clang 0.1-5 68.68 NOTE
r-devel-windows-ix86+x86_64 0.1-5 9.00 48.00 57.00 NOTE
r-patched-linux-x86_64 0.1-5 3.03 39.70 42.73 NOTE
r-patched-solaris-sparc 0.1-5 558.80 NOTE
r-patched-solaris-x86 0.1-5 131.60 NOTE
r-release-linux-ix86 0.1-5 3.57 58.09 61.66 NOTE
r-release-linux-x86_64 0.1-5 3.17 39.92 43.10 NOTE
r-release-osx-x86_64-mavericks 0.1-5 NOTE
r-release-osx-x86_64-snowleopard 0.1-5 OK
r-release-windows-ix86+x86_64 0.1-5 12.00 57.00 69.00 NOTE
r-oldrel-windows-ix86+x86_64 0.1-5 8.00 57.00 65.00 NOTE

Check Details

Version: 0.1-5
Check: dependencies in R code
Result: NOTE
    Package in Depends field not imported from: ‘raster’
     These packages need to be imported from (in the NAMESPACE file)
     for when this namespace is loaded but not attached.
Flavors: r-devel-linux-x86_64-debian-clang, r-devel-linux-x86_64-debian-gcc, r-devel-linux-x86_64-fedora-clang, r-devel-linux-x86_64-fedora-gcc, r-devel-osx-x86_64-clang, r-devel-windows-ix86+x86_64

Version: 0.1-5
Check: R code for possible problems
Result: NOTE
    chisq.maxlikeFit: no visible global function definition for ‘cellStats’
    chisq.maxlikeFit: no visible global function definition for ‘ncell’
    chisq.maxlikeFit: no visible global function definition for
     ‘cellFromXY’
    chisq.maxlikeFit: no visible global function definition for ‘values’
    chisq.maxlikeFit: no visible global function definition for ‘values<-’
    maxlike: no visible global function definition for ‘cellFromXY’
    maxlike: no visible global function definition for ‘extract’
    maxlike: no visible global function definition for ‘getValues’
    predict.maxlikeFit: no visible global function definition for
     ‘getValues’
    predict.maxlikeFit: no visible global function definition for ‘raster’
    predict.maxlikeFit: no visible global function definition for
     ‘extent<-’
    predict.maxlikeFit: no visible global function definition for ‘extent’
Flavors: r-devel-linux-x86_64-debian-clang, r-devel-linux-x86_64-debian-gcc, r-devel-linux-x86_64-fedora-clang, r-devel-linux-x86_64-fedora-gcc, r-devel-osx-x86_64-clang, r-devel-windows-ix86+x86_64, r-patched-linux-x86_64, r-patched-solaris-sparc, r-patched-solaris-x86, r-release-linux-ix86, r-release-linux-x86_64, r-release-osx-x86_64-mavericks, r-release-windows-ix86+x86_64

Version: 0.1-5
Check: dependencies in R code
Result: NOTE
    Package in Depends field not imported from: ‘raster’
     These packages need to be imported from (in the NAMESPACE file)
     for when this namespace is loaded but not attached.
    See the information on DESCRIPTION files in the chapter ‘Creating R
    packages’ of the ‘Writing R Extensions’ manual.
Flavors: r-patched-linux-x86_64, r-patched-solaris-sparc, r-patched-solaris-x86, r-release-linux-ix86, r-release-linux-x86_64, r-release-osx-x86_64-mavericks, r-release-windows-ix86+x86_64, r-oldrel-windows-ix86+x86_64