Last updated on 2015-02-05 23:50:28.
Flavor | Version | Tinstall | Tcheck | Ttotal | Status | Flags |
---|---|---|---|---|---|---|
r-devel-linux-x86_64-debian-clang | 1.0-15.1 | 1.74 | 17.48 | 19.21 | NOTE | |
r-devel-linux-x86_64-debian-gcc | 1.0-15.1 | 1.92 | 17.58 | 19.50 | NOTE | |
r-devel-linux-x86_64-fedora-clang | 1.0-15.1 | 39.49 | NOTE | |||
r-devel-linux-x86_64-fedora-gcc | 1.0-15.1 | 37.09 | NOTE | |||
r-devel-osx-x86_64-clang | 1.0-15.1 | 50.12 | NOTE | |||
r-devel-windows-ix86+x86_64 | 1.0-15.1 | 14.00 | 39.00 | 53.00 | NOTE | |
r-patched-linux-x86_64 | 1.0-15.1 | 2.05 | 18.66 | 20.72 | OK | |
r-patched-solaris-sparc | 1.0-15.1 | 269.50 | OK | |||
r-patched-solaris-x86 | 1.0-15.1 | 60.10 | OK | |||
r-release-linux-ix86 | 1.0-15.1 | 2.48 | 25.04 | 27.52 | OK | |
r-release-linux-x86_64 | 1.0-15.1 | 1.99 | 18.12 | 20.12 | OK | |
r-release-osx-x86_64-mavericks | 1.0-15.1 | OK | ||||
r-release-osx-x86_64-snowleopard | 1.0-15.1 | OK | ||||
r-release-windows-ix86+x86_64 | 1.0-15.1 | 15.00 | 49.00 | 64.00 | OK | |
r-oldrel-windows-ix86+x86_64 | 1.0-15.1 | 15.00 | 71.00 | 86.00 | OK |
Version: 1.0-15.1
Check: dependencies in R code
Result: NOTE
'library' or 'require' call to ‘scatterplot3d’ in package code.
Please use :: or requireNamespace() instead.
See section 'Suggested packages' in the 'Writing R Extensions' manual.
Flavors: r-devel-linux-x86_64-debian-clang, r-devel-linux-x86_64-debian-gcc, r-devel-linux-x86_64-fedora-clang, r-devel-linux-x86_64-fedora-gcc, r-devel-osx-x86_64-clang, r-devel-windows-ix86+x86_64