Last updated on 2015-02-05 23:50:28.
Flavor | Version | Tinstall | Tcheck | Ttotal | Status | Flags |
---|---|---|---|---|---|---|
r-devel-linux-x86_64-debian-clang | 0.1 | 4.16 | 60.21 | 64.37 | OK | |
r-devel-linux-x86_64-debian-gcc | 0.1 | 4.20 | 58.00 | 62.19 | OK | |
r-devel-linux-x86_64-fedora-clang | 0.1 | 117.13 | OK | |||
r-devel-linux-x86_64-fedora-gcc | 0.1 | 111.78 | OK | |||
r-devel-osx-x86_64-clang | 0.1 | 116.55 | OK | |||
r-devel-windows-ix86+x86_64 | 0.1 | 19.00 | 106.00 | 125.00 | OK | |
r-patched-linux-x86_64 | 0.1 | 5.93 | 76.59 | 82.52 | OK | |
r-patched-solaris-sparc | 0.1 | 934.30 | OK | |||
r-patched-solaris-x86 | 0.1 | 216.10 | OK | |||
r-release-linux-ix86 | 0.1 | 6.84 | 82.88 | 89.73 | OK | |
r-release-linux-x86_64 | 0.1 | 7.10 | 80.86 | 87.96 | OK | |
r-release-osx-x86_64-mavericks | 0.1 | ERROR | ||||
r-release-osx-x86_64-snowleopard | 0.1 | OK | ||||
r-release-windows-ix86+x86_64 | 0.1 | 10.00 | 1.00 | 11.00 | ERROR | |
r-oldrel-windows-ix86+x86_64 | 0.1 | 19.00 | 140.00 | 159.00 | OK |
Version: 0.1
Check: package dependencies
Result: ERROR
Package required but not available: ‘Rmpi’
See the information on DESCRIPTION files in the chapter ‘Creating R
packages’ of the ‘Writing R Extensions’ manual.
Flavor: r-release-osx-x86_64-mavericks
Version: 0.1
Check: whether package can be installed
Result: ERROR
Installation failed.
Flavor: r-release-windows-ix86+x86_64