CRAN Package Check Results for Package metafor

Last updated on 2015-02-05 23:50:28.

Flavor Version Tinstall Tcheck Ttotal Status Flags
r-devel-linux-x86_64-debian-clang 1.9-5 16.09 106.07 122.16 NOTE
r-devel-linux-x86_64-debian-gcc 1.9-5 15.42 102.36 117.78 NOTE
r-devel-linux-x86_64-fedora-clang 1.9-5 245.14 NOTE
r-devel-linux-x86_64-fedora-gcc 1.9-5 239.04 NOTE
r-devel-osx-x86_64-clang 1.9-5 200.94 NOTE
r-devel-windows-ix86+x86_64 1.9-5 42.00 145.00 187.00 NOTE
r-patched-linux-x86_64 1.9-5 19.42 118.20 137.62 OK
r-patched-solaris-sparc 1.9-5 1602.40 OK
r-patched-solaris-x86 1.9-5 321.40 OK
r-release-linux-ix86 1.9-5 21.51 135.48 156.99 OK
r-release-linux-x86_64 1.9-5 19.95 124.95 144.90 OK
r-release-osx-x86_64-mavericks 1.9-5 OK
r-release-osx-x86_64-snowleopard 1.9-5 OK
r-release-windows-ix86+x86_64 1.9-5 48.00 160.00 208.00 OK
r-oldrel-windows-ix86+x86_64 1.9-5 35.00 135.00 170.00 ERROR

Check Details

Version: 1.9-5
Check: dependencies in R code
Result: NOTE
    'library' or 'require' calls in package code:
     ‘Epi’ ‘lme4’ ‘polycor’ ‘survival’
     Please use :: or requireNamespace() instead.
     See section 'Suggested packages' in the 'Writing R Extensions' manual.
Flavors: r-devel-linux-x86_64-debian-clang, r-devel-linux-x86_64-debian-gcc, r-devel-linux-x86_64-fedora-clang, r-devel-linux-x86_64-fedora-gcc, r-devel-osx-x86_64-clang, r-devel-windows-ix86+x86_64

Version: 1.9-5
Check: S3 generic/method consistency
Result: NOTE
    Found the following apparent S3 methods exported but not registered:
     print.hc.rma.uni
    See section ‘Registering S3 methods’ in the ‘Writing R Extensions’
    manual.
Flavors: r-devel-linux-x86_64-debian-clang, r-devel-linux-x86_64-debian-gcc, r-devel-linux-x86_64-fedora-clang, r-devel-linux-x86_64-fedora-gcc, r-devel-osx-x86_64-clang

Version: 1.9-5
Check: tests
Result: ERROR
    Running the tests in 'tests/test-all.R' failed.
    Last 13 lines of output:
     5: stop("Error in iterative search for tau2. Try increasing tau2.max or switch to another 'method'.")
    
     2. Error: confint() gives correct results for example 2 in Jackson et al. (2014).
     Error in iterative search for tau2. Try increasing tau2.max or switch to another 'method'.
     1: withCallingHandlers(eval(code, new_test_environment), error = capture_calls)
     2: eval(code, new_test_environment)
     3: eval(expr, envir, enclos)
     4: rma(yi, vi, mods = ~xi, method = "PM", digits = 3) at test_confint.r:76
     5: stop("Error in iterative search for tau2. Try increasing tau2.max or switch to another 'method'.")
    
     Error: Test failures
     In addition: There were 15 warnings (use warnings() to see them)
     Execution halted
Flavor: r-oldrel-windows-ix86+x86_64