Last updated on 2015-02-05 23:50:28.
Flavor | Version | Tinstall | Tcheck | Ttotal | Status | Flags |
---|---|---|---|---|---|---|
r-devel-linux-x86_64-debian-clang | 1.0 | 69.25 | 64.59 | 133.84 | NOTE | |
r-devel-linux-x86_64-debian-gcc | 1.0 | 79.77 | 57.11 | 136.88 | NOTE | |
r-devel-linux-x86_64-fedora-clang | 1.0 | 276.59 | NOTE | |||
r-devel-linux-x86_64-fedora-gcc | 1.0 | 262.26 | NOTE | |||
r-devel-osx-x86_64-clang | 1.0 | 182.68 | NOTE | |||
r-devel-windows-ix86+x86_64 | 1.0 | 303.00 | 112.00 | 415.00 | NOTE | |
r-patched-linux-x86_64 | 1.0 | 80.61 | 64.26 | 144.87 | NOTE | |
r-patched-solaris-sparc | 1.0 | 1800.50 | NOTE | |||
r-patched-solaris-x86 | 1.0 | 332.70 | NOTE | |||
r-release-linux-ix86 | 1.0 | 96.90 | 76.61 | 173.51 | NOTE | |
r-release-linux-x86_64 | 1.0 | 80.79 | 65.17 | 145.96 | NOTE | |
r-release-osx-x86_64-mavericks | 1.0 | NOTE | ||||
r-release-osx-x86_64-snowleopard | 1.0 | WARN | ||||
r-release-windows-ix86+x86_64 | 1.0 | 314.00 | 133.00 | 447.00 | NOTE | |
r-oldrel-windows-ix86+x86_64 | 1.0 | 318.00 | 137.00 | 455.00 | NOTE |
Version: 1.0
Check: installed package size
Result: NOTE
installed size is 12.4Mb
sub-directories of 1Mb or more:
libs 10.0Mb
Flavors: r-devel-linux-x86_64-debian-clang, r-devel-linux-x86_64-debian-gcc, r-devel-linux-x86_64-fedora-clang, r-devel-linux-x86_64-fedora-gcc, r-devel-windows-ix86+x86_64, r-patched-linux-x86_64, r-patched-solaris-sparc, r-patched-solaris-x86, r-release-linux-ix86, r-release-linux-x86_64, r-release-osx-x86_64-mavericks, r-release-osx-x86_64-snowleopard, r-release-windows-ix86+x86_64, r-oldrel-windows-ix86+x86_64
Version: 1.0
Check: dependencies in R code
Result: NOTE
'library' or 'require' calls in package code:
‘lava.tobit’ ‘prodlim’ ‘ucminf’
Please use :: or requireNamespace() instead.
See section 'Suggested packages' in the 'Writing R Extensions' manual.
Flavors: r-devel-linux-x86_64-debian-clang, r-devel-linux-x86_64-debian-gcc, r-devel-linux-x86_64-fedora-clang, r-devel-linux-x86_64-fedora-gcc, r-devel-osx-x86_64-clang, r-devel-windows-ix86+x86_64
Version: 1.0
Check: whether package can be installed
Result: WARN
Found the following significant warnings:
/usr/include/c++/4.2.1/backward/backward_warning.h:32:2: warning: #warning This file includes at least one deprecated or antiquated header. Please consider using one of the 32 headers found in section 17.4.1.2 of the C++ standard. Examples include substituting the <X> header for the <X.h> header for C++ includes, or <iostream> instead of the deprecated header <iostream.h>. To disable this warning use -Wno-deprecated.
Flavor: r-release-osx-x86_64-snowleopard