CRAN Package Check Results for Package mixPHM

Last updated on 2015-02-05 23:50:28.

Flavor Version Tinstall Tcheck Ttotal Status Flags
r-devel-linux-x86_64-debian-clang 0.7-1 1.34 36.08 37.42 NOTE
r-devel-linux-x86_64-debian-gcc 0.7-1 1.28 35.36 36.63 NOTE
r-devel-linux-x86_64-fedora-clang 0.7-1 74.34 NOTE
r-devel-linux-x86_64-fedora-gcc 0.7-1 68.10 NOTE
r-devel-osx-x86_64-clang 0.7-1 63.59 NOTE
r-devel-windows-ix86+x86_64 0.7-1 5.00 56.00 61.00 OK
r-patched-linux-x86_64 0.7-1 1.46 40.33 41.79 OK
r-patched-solaris-sparc 0.7-1 493.00 OK
r-patched-solaris-x86 0.7-1 92.50 OK
r-release-linux-ix86 0.7-1 1.79 49.02 50.81 OK
r-release-linux-x86_64 0.7-1 1.46 39.89 41.34 OK
r-release-osx-x86_64-mavericks 0.7-1 OK
r-release-osx-x86_64-snowleopard 0.7-1 OK
r-release-windows-ix86+x86_64 0.7-1 6.00 93.00 99.00 OK
r-oldrel-windows-ix86+x86_64 0.7-1 6.00 95.00 101.00 OK

Check Details

Version: 0.7-1
Check: S3 generic/method consistency
Result: NOTE
    Found the following apparent S3 methods exported but not registered:
     plot.hazard plot.profile plot.survival
    See section ‘Registering S3 methods’ in the ‘Writing R Extensions’
    manual.
Flavors: r-devel-linux-x86_64-debian-clang, r-devel-linux-x86_64-debian-gcc, r-devel-linux-x86_64-fedora-clang, r-devel-linux-x86_64-fedora-gcc, r-devel-osx-x86_64-clang