Last updated on 2015-02-05 23:50:29.
Flavor | Version | Tinstall | Tcheck | Ttotal | Status | Flags |
---|---|---|---|---|---|---|
r-devel-linux-x86_64-debian-clang | 1.1.0 | 21.61 | 13.79 | 35.40 | NOTE | |
r-devel-linux-x86_64-debian-gcc | 1.1.0 | 23.86 | 13.33 | 37.20 | NOTE | |
r-devel-linux-x86_64-fedora-clang | 1.1.0 | 76.26 | NOTE | |||
r-devel-linux-x86_64-fedora-gcc | 1.1.0 | 68.01 | NOTE | |||
r-devel-osx-x86_64-clang | 1.1.0 | 53.29 | NOTE | |||
r-devel-windows-ix86+x86_64 | 1.1.0 | 105.00 | 34.00 | 139.00 | OK | |
r-patched-linux-x86_64 | 1.1.0 | 23.09 | 16.06 | 39.15 | OK | |
r-patched-solaris-sparc | 1.1.0 | 481.60 | OK | |||
r-patched-solaris-x86 | 1.1.0 | 97.60 | OK | |||
r-release-linux-ix86 | 1.1.0 | 27.88 | 22.48 | 50.36 | OK | |
r-release-linux-x86_64 | 1.1.0 | 24.19 | 16.66 | 40.85 | OK | |
r-release-osx-x86_64-mavericks | 1.1.0 | OK | ||||
r-release-osx-x86_64-snowleopard | 1.1.0 | OK | ||||
r-release-windows-ix86+x86_64 | 1.1.0 | 111.00 | 40.00 | 151.00 | OK | |
r-oldrel-windows-ix86+x86_64 | 1.1.0 | 109.00 | 60.00 | 169.00 | OK |
Version: 1.1.0
Check: S3 generic/method consistency
Result: NOTE
Found the following apparent S3 methods exported but not registered:
display.default morph.default plot.kernelArray plot.kernelFunction
resample.default
See section ‘Registering S3 methods’ in the ‘Writing R Extensions’
manual.
Flavors: r-devel-linux-x86_64-debian-clang, r-devel-linux-x86_64-fedora-clang, r-devel-linux-x86_64-fedora-gcc, r-devel-osx-x86_64-clang
Version: 1.1.0
Check: S3 generic/method consistency
Result: NOTE
Found the following apparent S3 methods exported but not registered:
display.default morph.default resample.default plot.kernelArray
plot.kernelFunction
See section ‘Registering S3 methods’ in the ‘Writing R Extensions’
manual.
Flavor: r-devel-linux-x86_64-debian-gcc