Last updated on 2015-02-05 23:50:29.
Flavor | Version | Tinstall | Tcheck | Ttotal | Status | Flags |
---|---|---|---|---|---|---|
r-devel-linux-x86_64-debian-clang | 2.7.7 | 1.52 | 36.35 | 37.87 | NOTE | |
r-devel-linux-x86_64-debian-gcc | 2.7.7 | 1.52 | 29.71 | 31.23 | NOTE | |
r-devel-linux-x86_64-fedora-clang | 2.7.7 | 62.77 | NOTE | |||
r-devel-linux-x86_64-fedora-gcc | 2.7.7 | 60.26 | NOTE | |||
r-devel-osx-x86_64-clang | 2.7.7 | 64.22 | NOTE | |||
r-devel-windows-ix86+x86_64 | 2.7.7 | 9.00 | 62.00 | 71.00 | NOTE | |
r-patched-linux-x86_64 | 2.7.7 | 1.66 | 34.62 | 36.27 | OK | |
r-patched-solaris-sparc | 2.7.7 | 455.90 | OK | |||
r-patched-solaris-x86 | 2.7.7 | 85.50 | OK | |||
r-release-linux-ix86 | 2.7.7 | 2.12 | 45.30 | 47.42 | OK | |
r-release-linux-x86_64 | 2.7.7 | 1.73 | 35.22 | 36.95 | OK | |
r-release-osx-x86_64-mavericks | 2.7.7 | OK | ||||
r-release-osx-x86_64-snowleopard | 2.7.7 | OK | ||||
r-release-windows-ix86+x86_64 | 2.7.7 | 11.00 | 68.00 | 79.00 | OK | |
r-oldrel-windows-ix86+x86_64 | 2.7.7 | 11.00 | 105.00 | 116.00 | OK |
Version: 2.7.7
Check: dependencies in R code
Result: NOTE
'library' or 'require' call to ‘MASS’ in package code.
Please use :: or requireNamespace() instead.
See section 'Suggested packages' in the 'Writing R Extensions' manual.
Flavors: r-devel-linux-x86_64-debian-clang, r-devel-linux-x86_64-debian-gcc, r-devel-linux-x86_64-fedora-clang, r-devel-linux-x86_64-fedora-gcc, r-devel-osx-x86_64-clang, r-devel-windows-ix86+x86_64