CRAN Package Check Results for Package mpath

Last updated on 2015-02-05 23:50:29.

Flavor Version Tinstall Tcheck Ttotal Status Flags
r-devel-linux-x86_64-debian-clang 0.1-17 4.02 55.59 59.61 NOTE
r-devel-linux-x86_64-debian-gcc 0.1-17 3.98 53.74 57.72 NOTE
r-devel-linux-x86_64-fedora-clang 0.1-17 117.00 NOTE
r-devel-linux-x86_64-fedora-gcc 0.1-17 110.40 NOTE
r-devel-osx-x86_64-clang 0.1-17 98.54 NOTE
r-devel-windows-ix86+x86_64 0.1-17 21.00 100.00 121.00 OK
r-patched-linux-x86_64 0.1-17 5.00 64.12 69.12 OK
r-patched-solaris-sparc 0.1-17 840.00 OK
r-patched-solaris-x86 0.1-17 198.40 OK
r-release-linux-ix86 0.1-17 6.00 75.92 81.92 OK
r-release-linux-x86_64 0.1-17 5.10 63.86 68.96 OK
r-release-osx-x86_64-mavericks 0.1-17 OK
r-release-osx-x86_64-snowleopard 0.1-17 OK
r-release-windows-ix86+x86_64 0.1-17 23.00 121.00 144.00 OK
r-oldrel-windows-ix86+x86_64 0.1-17 18.00 116.00 134.00 OK

Check Details

Version: 0.1-17
Check: S3 generic/method consistency
Result: NOTE
    Found the following apparent S3 methods exported but not registered:
     predict.zeroinfl1
    See section ‘Registering S3 methods’ in the ‘Writing R Extensions’
    manual.
Flavors: r-devel-linux-x86_64-debian-clang, r-devel-linux-x86_64-debian-gcc, r-devel-linux-x86_64-fedora-clang, r-devel-linux-x86_64-fedora-gcc, r-devel-osx-x86_64-clang