Last updated on 2015-02-05 23:50:29.
Flavor | Version | Tinstall | Tcheck | Ttotal | Status | Flags |
---|---|---|---|---|---|---|
r-devel-linux-x86_64-debian-clang | 1.2.6 | 1.32 | 10.55 | 11.87 | NOTE | |
r-devel-linux-x86_64-debian-gcc | 1.2.6 | 1.28 | 11.21 | 12.50 | NOTE | |
r-devel-linux-x86_64-fedora-clang | 1.2.6 | 23.10 | NOTE | |||
r-devel-linux-x86_64-fedora-gcc | 1.2.6 | 20.62 | NOTE | |||
r-devel-osx-x86_64-clang | 1.2.6 | 27.55 | NOTE | |||
r-devel-windows-ix86+x86_64 | 1.2.6 | 10.00 | 34.00 | 44.00 | OK | |
r-patched-linux-x86_64 | 1.2.6 | 1.28 | 11.55 | 12.84 | OK | |
r-patched-solaris-sparc | 1.2.6 | 166.90 | OK | |||
r-patched-solaris-x86 | 1.2.6 | 38.50 | OK | |||
r-release-linux-ix86 | 1.2.6 | 1.82 | 17.67 | 19.49 | OK | |
r-release-linux-x86_64 | 1.2.6 | 1.36 | 12.05 | 13.41 | OK | |
r-release-osx-x86_64-mavericks | 1.2.6 | OK | ||||
r-release-osx-x86_64-snowleopard | 1.2.6 | OK | ||||
r-release-windows-ix86+x86_64 | 1.2.6 | 7.00 | 23.00 | 30.00 | OK | |
r-oldrel-windows-ix86+x86_64 | 1.2.6 | 6.00 | 32.00 | 38.00 | OK |
Version: 1.2.6
Check: S3 generic/method consistency
Result: NOTE
Found the following apparent S3 methods exported but not registered:
print.pehaz summary.muhaz
See section ‘Registering S3 methods’ in the ‘Writing R Extensions’
manual.
Flavors: r-devel-linux-x86_64-debian-clang, r-devel-linux-x86_64-debian-gcc, r-devel-linux-x86_64-fedora-clang, r-devel-linux-x86_64-fedora-gcc, r-devel-osx-x86_64-clang