Last updated on 2015-02-05 23:50:29.
Flavor | Version | Tinstall | Tcheck | Ttotal | Status | Flags |
---|---|---|---|---|---|---|
r-devel-linux-x86_64-debian-clang | 3.9.3 | 20.42 | 68.37 | 88.78 | NOTE | |
r-devel-linux-x86_64-debian-gcc | 3.9.3 | 25.48 | 66.63 | 92.11 | NOTE | |
r-devel-linux-x86_64-fedora-clang | 3.9.3 | 172.67 | NOTE | |||
r-devel-linux-x86_64-fedora-gcc | 3.9.3 | 167.63 | NOTE | |||
r-devel-osx-x86_64-clang | 3.9.3 | 141.15 | NOTE | |||
r-devel-windows-ix86+x86_64 | 3.9.3 | 101.00 | 160.00 | 261.00 | OK | |
r-patched-linux-x86_64 | 3.9.3 | 26.05 | 76.63 | 102.68 | OK | |
r-patched-solaris-sparc | 3.9.3 | 1307.20 | OK | |||
r-patched-solaris-x86 | 3.9.3 | 251.10 | OK | |||
r-release-linux-ix86 | 3.9.3 | 33.66 | 84.97 | 118.63 | OK | |
r-release-linux-x86_64 | 3.9.3 | 26.03 | 73.00 | 99.04 | OK | |
r-release-osx-x86_64-mavericks | 3.9.3 | OK | ||||
r-release-osx-x86_64-snowleopard | 3.9.3 | OK | ||||
r-release-windows-ix86+x86_64 | 3.9.3 | 112.00 | 166.00 | 278.00 | OK | |
r-oldrel-windows-ix86+x86_64 | 3.9.3 | 112.00 | 253.00 | 365.00 | OK |
Version: 3.9.3
Check: S3 generic/method consistency
Result: NOTE
Found the following apparent S3 methods exported but not registered:
anova.manyany anova.manyglm anova.manylm boxplot.mvabund
boxplot.mvformula deviance.manylm plot.manyany plot.manyglm
plot.manylm plot.mvabund plot.mvformula predict.manyglm
predict.manylm print.anova.manyglm print.anova.manylm print.manyglm
print.mvformula print.summary.manyglm print.summary.manylm
residuals.manyany residuals.manyglm summary.manyglm summary.manylm
See section ‘Registering S3 methods’ in the ‘Writing R Extensions’
manual.
Flavors: r-devel-linux-x86_64-debian-clang, r-devel-linux-x86_64-fedora-clang, r-devel-linux-x86_64-fedora-gcc, r-devel-osx-x86_64-clang
Version: 3.9.3
Check: S3 generic/method consistency
Result: NOTE
Found the following apparent S3 methods exported but not registered:
print.anova.manyglm print.anova.manylm print.manyglm print.mvformula
print.summary.manyglm print.summary.manylm summary.manyglm
summary.manylm boxplot.mvabund boxplot.mvformula plot.manyany
plot.manyglm plot.manylm plot.mvabund plot.mvformula anova.manyany
anova.manyglm anova.manylm deviance.manylm predict.manyglm
predict.manylm residuals.manyany residuals.manyglm
See section ‘Registering S3 methods’ in the ‘Writing R Extensions’
manual.
Flavor: r-devel-linux-x86_64-debian-gcc