CRAN Package Check Results for Package ncdf

Last updated on 2015-02-05 23:50:29.

Flavor Version Tinstall Tcheck Ttotal Status Flags
r-devel-linux-x86_64-debian-clang 1.6.8 1.53 13.55 15.08 NOTE
r-devel-linux-x86_64-debian-gcc 1.6.8 1.64 13.16 14.80 NOTE
r-devel-linux-x86_64-fedora-clang 1.6.8 28.24 NOTE
r-devel-linux-x86_64-fedora-gcc 1.6.8 27.11 NOTE
r-devel-osx-x86_64-clang 1.6.8 33.04 NOTE
r-devel-windows-ix86+x86_64 1.6.8 13.00 46.00 59.00 OK
r-patched-linux-x86_64 1.6.8 1.70 14.29 15.99 OK
r-patched-solaris-sparc 1.6.8 199.20 OK
r-patched-solaris-x86 1.6.8 44.70 OK
r-release-linux-ix86 1.6.8 2.49 20.49 22.98 OK
r-release-linux-x86_64 1.6.8 1.78 14.09 15.87 OK
r-release-osx-x86_64-mavericks 1.6.8 NOTE
r-release-osx-x86_64-snowleopard 1.6.8 NOTE
r-release-windows-ix86+x86_64 1.6.8 8.00 29.00 37.00 OK
r-oldrel-windows-ix86+x86_64 1.6.8 8.00 35.00 43.00 OK

Memtest notes: valgrind

Check Details

Version: 1.6.8
Check: S3 generic/method consistency
Result: NOTE
    Found the following apparent S3 methods exported but not registered:
     print.ncdf
    See section ‘Registering S3 methods’ in the ‘Writing R Extensions’
    manual.
Flavors: r-devel-linux-x86_64-debian-clang, r-devel-linux-x86_64-debian-gcc, r-devel-linux-x86_64-fedora-clang, r-devel-linux-x86_64-fedora-gcc, r-devel-osx-x86_64-clang

Version: 1.6.8
Check: installed package size
Result: NOTE
     installed size is 6.1Mb
     sub-directories of 1Mb or more:
     libs 6.0Mb
Flavors: r-release-osx-x86_64-mavericks, r-release-osx-x86_64-snowleopard