Last updated on 2015-02-05 23:50:30.
Flavor | Version | Tinstall | Tcheck | Ttotal | Status | Flags |
---|---|---|---|---|---|---|
r-devel-linux-x86_64-debian-clang | 0.4 | 0.73 | 8.17 | 8.90 | NOTE | |
r-devel-linux-x86_64-debian-gcc | 0.4 | 0.72 | 7.89 | 8.61 | NOTE | |
r-devel-linux-x86_64-fedora-clang | 0.4 | 17.19 | NOTE | |||
r-devel-linux-x86_64-fedora-gcc | 0.4 | 16.46 | NOTE | |||
r-devel-osx-x86_64-clang | 0.4 | 26.16 | OK | |||
r-patched-linux-x86_64 | 0.4 | 0.80 | 8.46 | 9.26 | NOTE | |
r-patched-solaris-sparc | 0.4 | 109.40 | OK | |||
r-patched-solaris-x86 | 0.4 | 28.40 | OK | |||
r-release-linux-ix86 | 0.4 | 1.27 | 14.18 | 15.45 | NOTE | |
r-release-linux-x86_64 | 0.4 | 0.80 | 8.66 | 9.46 | NOTE | |
r-release-osx-x86_64-mavericks | 0.4 | OK |
Version: 0.4
Check: top-level files
Result: NOTE
Non-standard file/directory found at top level:
‘foompter’
Flavors: r-devel-linux-x86_64-debian-clang, r-devel-linux-x86_64-debian-gcc, r-devel-linux-x86_64-fedora-clang, r-devel-linux-x86_64-fedora-gcc, r-patched-linux-x86_64, r-release-linux-ix86, r-release-linux-x86_64