CRAN Package Check Results for Package nloptr

Last updated on 2015-02-05 23:50:30.

Flavor Version Tinstall Tcheck Ttotal Status Flags
r-devel-linux-x86_64-debian-clang 1.0.4 5.01 19.51 24.52 OK
r-devel-linux-x86_64-debian-gcc 1.0.4 2.38 18.23 20.61 OK
r-devel-linux-x86_64-fedora-clang 1.0.4 41.90 OK
r-devel-linux-x86_64-fedora-gcc 1.0.4 40.04 OK
r-devel-osx-x86_64-clang 1.0.4 85.80 OK
r-devel-windows-ix86+x86_64 1.0.4 15.00 80.00 95.00 ERROR
r-patched-linux-x86_64 1.0.4 2.41 19.91 22.32 OK
r-patched-solaris-sparc 1.0.4 570.60 ERROR
r-patched-solaris-x86 1.0.4 184.80 ERROR
r-release-linux-ix86 1.0.4 3.87 28.08 31.95 OK
r-release-linux-x86_64 1.0.4 7.08 19.84 26.92 OK
r-release-osx-x86_64-mavericks 1.0.4 OK
r-release-osx-x86_64-snowleopard 1.0.4 OK
r-release-windows-ix86+x86_64 1.0.4 14.00 89.00 103.00 OK
r-oldrel-windows-ix86+x86_64 1.0.4 15.00 127.00 142.00 OK

Memtest notes: valgrind

Check Details

Version: 1.0.4
Check: running tests for arch 'x64'
Result: ERROR
    Running the tests in 'tests/test-all.R' failed.
    Last 13 lines of output:
     HS023 : ....
     HS071 : .....
     Simple polynomial with additional data. : ..
     Simple contstrained problem. : ....
     System of equations. : ....
    
    
     1. Failure(@test-derivative-checker.R#27): Test derivative checker. ------------
     sum(res$flag_derivative_warning) not equal to 0
     Mean absolute difference: 1
    
     Error: Test failures
     Execution halted
Flavor: r-devel-windows-ix86+x86_64

Version: 1.0.4
Check: tests
Result: ERROR
    Running the tests in ‘tests/test-all.R’ failed.
    Last 13 lines of output:
     1. Failure(@test-example.R#101): Test NLopt tutorial example with NLOPT_LN_COBYLA with gradient information.
     res1$solution not equal to solution.opt
     Mean relative difference: 0.02598154
    
     2. Failure(@test-hs023.R#90): Test HS023. --------------------------------------
     res$solution not equal to solution.opt
     Mean relative difference: 2
    
     3. Failure(@test-hs023.R#95): Test HS023. --------------------------------------
     all(eval_g_ineq(res$solution)$constr <= res$options$tol_constraints_ineq) isn't true
    
     Error: Test failures
     Execution halted
Flavor: r-patched-solaris-sparc

Version: 1.0.4
Check: tests
Result: ERROR
    Running the tests in ‘tests/test-all.R’ failed.
    Last 13 lines of output:
     HS023 : ....
     HS071 : .....
     Simple polynomial with additional data. : ..
     Simple contstrained problem. : ....
     System of equations. : ....
    
    
     1. Failure(@test-example.R#101): Test NLopt tutorial example with NLOPT_LN_COBYLA with gradient information.
     res1$solution not equal to solution.opt
     Mean relative difference: 0.02598154
    
     Error: Test failures
     Execution halted
Flavor: r-patched-solaris-x86