Last updated on 2015-02-05 23:50:30.
Flavor | Version | Tinstall | Tcheck | Ttotal | Status | Flags |
---|---|---|---|---|---|---|
r-devel-linux-x86_64-debian-clang | 0.3-6 | 3.24 | 20.60 | 23.84 | NOTE | |
r-devel-linux-x86_64-debian-gcc | 0.3-6 | 3.17 | 20.87 | 24.04 | NOTE | |
r-devel-linux-x86_64-fedora-clang | 0.3-6 | 42.78 | NOTE | |||
r-devel-linux-x86_64-fedora-gcc | 0.3-6 | 41.25 | NOTE | |||
r-devel-osx-x86_64-clang | 0.3-6 | 49.14 | NOTE | |||
r-devel-windows-ix86+x86_64 | 0.3-6 | 21.00 | 42.00 | 63.00 | NOTE | |
r-patched-linux-x86_64 | 0.3-6 | 3.39 | 21.88 | 25.27 | NOTE | |
r-patched-solaris-sparc | 0.3-6 | 292.70 | OK | |||
r-patched-solaris-x86 | 0.3-6 | 66.80 | NOTE | |||
r-release-linux-ix86 | 0.3-6 | 4.64 | 30.48 | 35.12 | OK | |
r-release-linux-x86_64 | 0.3-6 | 3.33 | 22.66 | 25.99 | OK | |
r-release-osx-x86_64-mavericks | 0.3-6 | NOTE | ||||
r-release-osx-x86_64-snowleopard | 0.3-6 | OK | ||||
r-release-windows-ix86+x86_64 | 0.3-6 | 24.00 | 43.00 | 67.00 | OK | |
r-oldrel-windows-ix86+x86_64 | 0.3-6 | 23.00 | 50.00 | 73.00 | OK |
Version: 0.3-6
Check: dependencies in R code
Result: NOTE
'library' or 'require' calls in package code:
‘DEoptim’ ‘gstat’
Please use :: or requireNamespace() instead.
See section 'Suggested packages' in the 'Writing R Extensions' manual.
Flavors: r-devel-linux-x86_64-debian-clang, r-devel-linux-x86_64-debian-gcc, r-devel-linux-x86_64-fedora-clang, r-devel-linux-x86_64-fedora-gcc, r-devel-osx-x86_64-clang, r-devel-windows-ix86+x86_64
Version: 0.3-6
Check: line endings in Makefiles
Result: NOTE
Found the following Makefile(s) without a final LF:
src/Makevars
Some ‘make’ programs ignore lines not ending in LF.
Flavors: r-devel-linux-x86_64-debian-clang, r-devel-linux-x86_64-debian-gcc, r-devel-linux-x86_64-fedora-clang, r-devel-linux-x86_64-fedora-gcc, r-devel-osx-x86_64-clang, r-devel-windows-ix86+x86_64, r-patched-linux-x86_64, r-patched-solaris-x86, r-release-osx-x86_64-mavericks
Version: 0.3-6
Check: package dependencies
Result: NOTE
Package suggested but not available for checking: ‘gstat’
Flavor: r-release-osx-x86_64-mavericks
Version: 0.3-6
Check: Rd cross-references
Result: NOTE
Package unavailable to check Rd xrefs: ‘gstat’
Flavor: r-release-osx-x86_64-mavericks