CRAN Package Check Results for Package nscancor

Last updated on 2015-02-05 23:50:30.

Flavor Version Tinstall Tcheck Ttotal Status Flags
r-devel-linux-x86_64-debian-clang 0.6 0.58 30.94 31.52 OK
r-devel-linux-x86_64-debian-gcc 0.6 0.54 31.78 32.33 OK
r-devel-linux-x86_64-fedora-clang 0.6 67.40 OK
r-devel-linux-x86_64-fedora-gcc 0.6 63.92 OK
r-devel-osx-x86_64-clang 0.6 65.61 OK
r-devel-windows-ix86+x86_64 0.6 3.00 46.00 49.00 OK
r-patched-linux-x86_64 0.6 0.60 36.76 37.36 OK
r-patched-solaris-sparc 0.6 449.50 OK
r-patched-solaris-x86 0.6 94.40 OK
r-release-linux-ix86 0.6 0.88 39.86 40.74 ERROR
r-release-linux-x86_64 0.6 0.60 38.63 39.24 OK
r-release-osx-x86_64-mavericks 0.6 OK
r-release-osx-x86_64-snowleopard 0.6 OK
r-release-windows-ix86+x86_64 0.6 3.00 59.00 62.00 OK
r-oldrel-windows-ix86+x86_64 0.6 4.00 61.00 65.00 OK

Check Details

Version: 0.6
Check: tests
Result: ERROR
    Running the tests in ‘tests/run-all.R’ failed.
    Last 13 lines of output:
     4: equiv(10, 5) at test_acor.R:73
     5: nscancor(X, Y, xpredict = xpredict, ypredict = xpredict) at test_acor.R:70
     6: nscc_inner(X, Xp, Y, Yp, xpredict, ypredict, cc, iter_tol, iter_max, verbosity)
     7: stop("v collapsed to the zero vector, try relaxing the constraints")
     8: .handleSimpleError(function (e)
     {
     e$calls <- head(sys.calls()[-seq_len(frame + 7)], -2)
     signalCondition(e)
     }, "v collapsed to the zero vector, try relaxing the constraints", quote(nscc_inner(X,
     Xp, Y, Yp, xpredict, ypredict, cc, iter_tol, iter_max, verbosity)))
    
     Error: Test failures
     Execution halted
Flavor: r-release-linux-ix86