Last updated on 2015-02-05 23:50:30.
Flavor | Version | Tinstall | Tcheck | Ttotal | Status | Flags |
---|---|---|---|---|---|---|
r-devel-linux-x86_64-debian-clang | 1.7 | 2.88 | 41.05 | 43.94 | NOTE | |
r-devel-linux-x86_64-debian-gcc | 1.7 | 2.85 | 41.86 | 44.72 | NOTE | |
r-devel-linux-x86_64-fedora-clang | 1.7 | 93.88 | NOTE | |||
r-devel-linux-x86_64-fedora-gcc | 1.7 | 85.92 | NOTE | |||
r-devel-osx-x86_64-clang | 1.7 | 79.65 | NOTE | |||
r-devel-windows-ix86+x86_64 | 1.7 | 12.00 | 66.00 | 78.00 | OK | |
r-patched-linux-x86_64 | 1.7 | 4.26 | 54.94 | 59.20 | OK | |
r-patched-solaris-sparc | 1.7 | 770.70 | OK | |||
r-patched-solaris-x86 | 1.7 | 170.30 | OK | |||
r-release-linux-ix86 | 1.7 | 5.00 | 65.75 | 70.75 | OK | |
r-release-linux-x86_64 | 1.7 | 4.14 | 56.24 | 60.39 | OK | |
r-release-osx-x86_64-mavericks | 1.7 | OK | ||||
r-release-osx-x86_64-snowleopard | 1.7 | OK | ||||
r-release-windows-ix86+x86_64 | 1.7 | 19.00 | 89.00 | 108.00 | OK | |
r-oldrel-windows-ix86+x86_64 | 1.7 | 16.00 | 85.00 | 101.00 | OK |
Version: 1.7
Check: S3 generic/method consistency
Result: NOTE
Found the following apparent S3 methods exported but not registered:
predict.orderedLasso predict.orderedLasso.path predict.timeLagLasso
predict.timeLagLasso.path
See section ‘Registering S3 methods’ in the ‘Writing R Extensions’
manual.
Flavors: r-devel-linux-x86_64-debian-clang, r-devel-linux-x86_64-debian-gcc, r-devel-linux-x86_64-fedora-clang, r-devel-linux-x86_64-fedora-gcc, r-devel-osx-x86_64-clang