CRAN Package Check Results for Package packClassic

Last updated on 2015-02-05 23:50:31.

Flavor Version Tinstall Tcheck Ttotal Status Flags
r-devel-linux-x86_64-debian-clang 0.5.2 0.52 9.31 9.82 NOTE
r-devel-linux-x86_64-debian-gcc 0.5.2 0.51 9.08 9.58 NOTE
r-devel-linux-x86_64-fedora-clang 0.5.2 18.09 NOTE
r-devel-linux-x86_64-fedora-gcc 0.5.2 17.66 NOTE
r-devel-osx-x86_64-clang 0.5.2 28.21 OK
r-devel-windows-ix86+x86_64 0.5.2 3.00 22.00 25.00 OK
r-patched-linux-x86_64 0.5.2 0.65 9.39 10.04 NOTE
r-patched-solaris-sparc 0.5.2 130.80 OK
r-patched-solaris-x86 0.5.2 30.00 OK
r-release-linux-ix86 0.5.2 0.82 15.69 16.51 NOTE
r-release-linux-x86_64 0.5.2 0.66 9.34 10.00 NOTE
r-release-osx-x86_64-mavericks 0.5.2 OK
r-release-windows-ix86+x86_64 0.5.2 2.00 18.00 20.00 OK
r-oldrel-windows-ix86+x86_64 0.5.2 2.00 18.00 20.00 OK

Check Details

Version: 0.5.2
Check: top-level files
Result: NOTE
    Non-standard files/directories found at top level:
     ‘DESCRIPTION_EX’ ‘divers’ ‘main.R’ ‘testsDev’
Flavors: r-devel-linux-x86_64-debian-clang, r-devel-linux-x86_64-debian-gcc, r-devel-linux-x86_64-fedora-clang, r-devel-linux-x86_64-fedora-gcc, r-patched-linux-x86_64, r-release-linux-ix86, r-release-linux-x86_64