Last updated on 2015-02-05 23:50:31.
Flavor | Version | Tinstall | Tcheck | Ttotal | Status | Flags |
---|---|---|---|---|---|---|
r-devel-linux-x86_64-debian-clang | 1.5-1 | 2.27 | 49.02 | 51.29 | NOTE | |
r-devel-linux-x86_64-debian-gcc | 1.5-1 | 2.13 | 49.27 | 51.40 | NOTE | |
r-devel-linux-x86_64-fedora-clang | 1.5-1 | 101.98 | NOTE | |||
r-devel-linux-x86_64-fedora-gcc | 1.5-1 | 96.55 | NOTE | |||
r-devel-osx-x86_64-clang | 1.5-1 | 107.02 | NOTE | |||
r-devel-windows-ix86+x86_64 | 1.5-1 | 8.00 | 69.00 | 77.00 | NOTE | |
r-patched-linux-x86_64 | 1.5-1 | 3.05 | 58.48 | 61.53 | OK | |
r-patched-solaris-sparc | 1.5-1 | 696.00 | NOTE | |||
r-patched-solaris-x86 | 1.5-1 | 144.60 | NOTE | |||
r-release-linux-ix86 | 1.5-1 | 3.58 | 72.24 | 75.82 | OK | |
r-release-linux-x86_64 | 1.5-1 | 3.09 | 58.84 | 61.92 | OK | |
r-release-osx-x86_64-mavericks | 1.5-1 | NOTE | ||||
r-release-osx-x86_64-snowleopard | 1.5-1 | OK | ||||
r-release-windows-ix86+x86_64 | 1.5-1 | 14.00 | 81.00 | 95.00 | OK | |
r-oldrel-windows-ix86+x86_64 | 1.5-1 | 14.00 | 77.00 | 91.00 | OK |
Version: 1.5-1
Check: dependencies in R code
Result: NOTE
'library' or 'require' calls in package code:
‘Rsymphony’ ‘truncnorm’
Please use :: or requireNamespace() instead.
See section 'Suggested packages' in the 'Writing R Extensions' manual.
Flavors: r-devel-linux-x86_64-debian-clang, r-devel-linux-x86_64-debian-gcc, r-devel-linux-x86_64-fedora-clang, r-devel-linux-x86_64-fedora-gcc, r-devel-osx-x86_64-clang, r-devel-windows-ix86+x86_64
Version: 1.5-1
Check: package dependencies
Result: NOTE
Package suggested but not available for checking: ‘Rsymphony’
Flavors: r-patched-solaris-sparc, r-patched-solaris-x86, r-release-osx-x86_64-mavericks