Last updated on 2015-02-05 23:50:31.
Flavor | Version | Tinstall | Tcheck | Ttotal | Status | Flags |
---|---|---|---|---|---|---|
r-devel-linux-x86_64-debian-clang | 1.9-60 | 4.96 | 23.08 | 28.04 | NOTE | |
r-devel-linux-x86_64-debian-gcc | 1.9-60 | 6.10 | 24.10 | 30.21 | NOTE | |
r-devel-linux-x86_64-fedora-clang | 1.9-60 | 53.26 | NOTE | |||
r-devel-linux-x86_64-fedora-gcc | 1.9-60 | 54.44 | NOTE | |||
r-devel-osx-x86_64-clang | 1.9-60 | 69.65 | NOTE | |||
r-devel-windows-ix86+x86_64 | 1.9-60 | 41.00 | 102.00 | 143.00 | NOTE | |
r-patched-linux-x86_64 | 1.9-60 | 6.24 | 25.68 | 31.93 | OK | |
r-patched-solaris-sparc | 1.9-60 | 364.20 | OK | |||
r-patched-solaris-x86 | 1.9-60 | 80.30 | OK | |||
r-release-linux-ix86 | 1.9-60 | 8.55 | 35.87 | 44.42 | OK | |
r-release-linux-x86_64 | 1.9-60 | 6.33 | 25.26 | 31.60 | OK | |
r-release-osx-x86_64-mavericks | 1.9-60 | OK | ||||
r-release-osx-x86_64-snowleopard | 1.9-60 | OK | ||||
r-release-windows-ix86+x86_64 | 1.9-60 | 31.00 | 62.00 | 93.00 | OK | |
r-oldrel-windows-ix86+x86_64 | 1.9-60 | 32.00 | 58.00 | 90.00 | OK |
Version: 1.9-60
Check: dependencies in R code
Result: NOTE
'library' or 'require' call to ‘graphics’ in package code.
Please use :: or requireNamespace() instead.
See section 'Suggested packages' in the 'Writing R Extensions' manual.
Flavors: r-devel-linux-x86_64-debian-clang, r-devel-linux-x86_64-debian-gcc, r-devel-linux-x86_64-fedora-clang, r-devel-linux-x86_64-fedora-gcc, r-devel-osx-x86_64-clang, r-devel-windows-ix86+x86_64