Last updated on 2015-02-05 23:50:31.
Flavor | Version | Tinstall | Tcheck | Ttotal | Status | Flags |
---|---|---|---|---|---|---|
r-devel-linux-x86_64-debian-clang | 1.0-2 | 1.45 | 23.91 | 25.36 | NOTE | |
r-devel-linux-x86_64-debian-gcc | 1.0-2 | 1.47 | 23.63 | 25.10 | NOTE | |
r-devel-linux-x86_64-fedora-clang | 1.0-2 | 48.85 | NOTE | |||
r-devel-linux-x86_64-fedora-gcc | 1.0-2 | 46.17 | NOTE | |||
r-devel-osx-x86_64-clang | 1.0-2 | 45.44 | NOTE | |||
r-devel-windows-ix86+x86_64 | 1.0-2 | 12.00 | 56.00 | 68.00 | OK | |
r-patched-linux-x86_64 | 1.0-2 | 1.55 | 26.10 | 27.66 | OK | |
r-patched-solaris-sparc | 1.0-2 | 336.40 | OK | |||
r-patched-solaris-x86 | 1.0-2 | 70.40 | OK | |||
r-release-linux-ix86 | 1.0-2 | 2.06 | 35.43 | 37.50 | OK | |
r-release-linux-x86_64 | 1.0-2 | 1.56 | 27.13 | 28.69 | OK | |
r-release-osx-x86_64-mavericks | 1.0-2 | OK | ||||
r-release-osx-x86_64-snowleopard | 1.0-2 | OK | ||||
r-release-windows-ix86+x86_64 | 1.0-2 | 13.00 | 90.00 | 103.00 | OK | |
r-oldrel-windows-ix86+x86_64 | 1.0-2 | 12.00 | 97.00 | 109.00 | OK |
Version: 1.0-2
Check: S3 generic/method consistency
Result: NOTE
Found the following apparent S3 methods exported but not registered:
plot.dbs plot.kepdf plot.pdfCluster summary.dbs summary.kepdf
summary.pdfCluster
See section ‘Registering S3 methods’ in the ‘Writing R Extensions’
manual.
Flavors: r-devel-linux-x86_64-debian-clang, r-devel-linux-x86_64-fedora-clang, r-devel-linux-x86_64-fedora-gcc, r-devel-osx-x86_64-clang
Version: 1.0-2
Check: S3 generic/method consistency
Result: NOTE
Found the following apparent S3 methods exported but not registered:
summary.dbs summary.kepdf summary.pdfCluster plot.dbs plot.kepdf
plot.pdfCluster
See section ‘Registering S3 methods’ in the ‘Writing R Extensions’
manual.
Flavor: r-devel-linux-x86_64-debian-gcc