Last updated on 2015-02-05 23:50:31.
Flavor | Version | Tinstall | Tcheck | Ttotal | Status | Flags |
---|---|---|---|---|---|---|
r-devel-linux-x86_64-debian-clang | 1.2 | 0.82 | 9.65 | 10.47 | NOTE | |
r-devel-linux-x86_64-debian-gcc | 1.2 | 0.80 | 9.47 | 10.28 | NOTE | |
r-devel-linux-x86_64-fedora-clang | 1.2 | 19.80 | NOTE | |||
r-devel-linux-x86_64-fedora-gcc | 1.2 | 18.32 | NOTE | |||
r-devel-osx-x86_64-clang | 1.2 | 29.97 | NOTE | |||
r-devel-windows-ix86+x86_64 | 1.2 | 8.00 | 32.00 | 40.00 | NOTE | |
r-patched-linux-x86_64 | 1.2 | 0.82 | 9.97 | 10.80 | NOTE | |
r-patched-solaris-sparc | 1.2 | 127.10 | NOTE | |||
r-patched-solaris-x86 | 1.2 | 34.00 | NOTE | |||
r-release-linux-ix86 | 1.2 | 1.20 | 15.73 | 16.92 | NOTE | |
r-release-linux-x86_64 | 1.2 | 0.88 | 10.17 | 11.05 | NOTE | |
r-release-osx-x86_64-mavericks | 1.2 | NOTE | ||||
r-release-windows-ix86+x86_64 | 1.2 | 5.00 | 22.00 | 27.00 | NOTE | |
r-oldrel-windows-ix86+x86_64 | 1.2 | 5.00 | 38.00 | 43.00 | NOTE |
Version: 1.2
Check: dependencies in R code
Result: NOTE
Package in Depends field not imported from: ‘methods’
These packages need to be imported from (in the NAMESPACE file)
for when this namespace is loaded but not attached.
Flavors: r-devel-linux-x86_64-debian-clang, r-devel-linux-x86_64-debian-gcc, r-devel-linux-x86_64-fedora-clang, r-devel-linux-x86_64-fedora-gcc, r-devel-osx-x86_64-clang, r-devel-windows-ix86+x86_64
Version: 1.2
Check: dependencies in R code
Result: NOTE
Package in Depends field not imported from: ‘methods’
These packages need to be imported from (in the NAMESPACE file)
for when this namespace is loaded but not attached.
See the information on DESCRIPTION files in the chapter ‘Creating R
packages’ of the ‘Writing R Extensions’ manual.
Flavors: r-patched-linux-x86_64, r-patched-solaris-sparc, r-patched-solaris-x86, r-release-linux-ix86, r-release-linux-x86_64, r-release-osx-x86_64-mavericks, r-release-windows-ix86+x86_64, r-oldrel-windows-ix86+x86_64