Last updated on 2015-02-05 23:50:31.
Flavor | Version | Tinstall | Tcheck | Ttotal | Status | Flags |
---|---|---|---|---|---|---|
r-devel-linux-x86_64-debian-clang | 1.0 | 0.56 | 10.64 | 11.20 | NOTE | |
r-devel-linux-x86_64-debian-gcc | 1.0 | 0.54 | 10.24 | 10.79 | NOTE | |
r-devel-linux-x86_64-fedora-clang | 1.0 | 21.41 | NOTE | |||
r-devel-linux-x86_64-fedora-gcc | 1.0 | 19.76 | NOTE | |||
r-devel-osx-x86_64-clang | 1.0 | 24.14 | NOTE | |||
r-devel-windows-ix86+x86_64 | 1.0 | 3.00 | 18.00 | 21.00 | NOTE | |
r-patched-linux-x86_64 | 1.0 | 0.62 | 11.57 | 12.19 | NOTE | |
r-patched-solaris-sparc | 1.0 | 140.30 | NOTE | |||
r-patched-solaris-x86 | 1.0 | 33.60 | NOTE | |||
r-release-linux-ix86 | 1.0 | 0.86 | 17.18 | 18.04 | NOTE | |
r-release-linux-x86_64 | 1.0 | 0.60 | 11.88 | 12.48 | NOTE | |
r-release-osx-x86_64-mavericks | 1.0 | NOTE | ||||
r-release-windows-ix86+x86_64 | 1.0 | 4.00 | 32.00 | 36.00 | NOTE | |
r-oldrel-windows-ix86+x86_64 | 1.0 | 3.00 | 33.00 | 36.00 | NOTE |
Version: 1.0
Check: dependencies in R code
Result: NOTE
Package in Depends field not imported from: ‘flsa’
These packages need to be imported from (in the NAMESPACE file)
for when this namespace is loaded but not attached.
Flavors: r-devel-linux-x86_64-debian-clang, r-devel-linux-x86_64-debian-gcc, r-devel-linux-x86_64-fedora-clang, r-devel-linux-x86_64-fedora-gcc, r-devel-osx-x86_64-clang, r-devel-windows-ix86+x86_64
Version: 1.0
Check: S3 generic/method consistency
Result: NOTE
Found the following apparent S3 methods exported but not registered:
plot.penlda plot.penldacv predict.penlda print.penlda print.penldacv
See section ‘Registering S3 methods’ in the ‘Writing R Extensions’
manual.
Flavors: r-devel-linux-x86_64-debian-clang, r-devel-linux-x86_64-fedora-clang, r-devel-linux-x86_64-fedora-gcc, r-devel-osx-x86_64-clang
Version: 1.0
Check: R code for possible problems
Result: NOTE
PenalizedPCA: no visible global function definition for ‘flsa’
Flavors: r-devel-linux-x86_64-debian-clang, r-devel-linux-x86_64-debian-gcc, r-devel-linux-x86_64-fedora-clang, r-devel-linux-x86_64-fedora-gcc, r-devel-osx-x86_64-clang, r-devel-windows-ix86+x86_64, r-patched-linux-x86_64, r-patched-solaris-sparc, r-patched-solaris-x86, r-release-linux-ix86, r-release-linux-x86_64, r-release-osx-x86_64-mavericks, r-release-windows-ix86+x86_64
Version: 1.0
Check: Rd line widths
Result: NOTE
Rd file 'PenalizedLDA.cv.Rd':
\usage lines wider than 90 characters:
PenalizedLDA.cv(x, y, lambdas = NULL, K = NULL, nfold = 6, folds = NULL, type = "standard", chrom = NULL, lambda2 = NULL)
These lines will be truncated in the PDF manual.
Flavors: r-devel-linux-x86_64-debian-clang, r-devel-linux-x86_64-debian-gcc, r-devel-linux-x86_64-fedora-clang, r-devel-linux-x86_64-fedora-gcc, r-patched-linux-x86_64, r-release-linux-ix86, r-release-linux-x86_64
Version: 1.0
Check: Rd \usage sections
Result: NOTE
S3 methods shown with full name in documentation object 'penalizedLDA-internal':
‘plot.penlda’ ‘print.penlda’ ‘plot.penldacv’ ‘print.penldacv’
The \usage entries for S3 methods should use the \method markup and not
their full name.
See chapter ‘Writing R documentation files’ in the ‘Writing R
Extensions’ manual.
Flavors: r-devel-linux-x86_64-debian-clang, r-devel-linux-x86_64-debian-gcc, r-devel-linux-x86_64-fedora-clang, r-devel-linux-x86_64-fedora-gcc, r-devel-osx-x86_64-clang, r-devel-windows-ix86+x86_64
Version: 1.0
Check: S3 generic/method consistency
Result: NOTE
Found the following apparent S3 methods exported but not registered:
print.penlda print.penldacv plot.penlda plot.penldacv predict.penlda
See section ‘Registering S3 methods’ in the ‘Writing R Extensions’
manual.
Flavor: r-devel-linux-x86_64-debian-gcc
Version: 1.0
Check: dependencies in R code
Result: NOTE
Package in Depends field not imported from: ‘flsa’
These packages need to be imported from (in the NAMESPACE file)
for when this namespace is loaded but not attached.
See the information on DESCRIPTION files in the chapter ‘Creating R
packages’ of the ‘Writing R Extensions’ manual.
Flavors: r-patched-linux-x86_64, r-patched-solaris-sparc, r-patched-solaris-x86, r-release-linux-ix86, r-release-linux-x86_64, r-release-osx-x86_64-mavericks, r-release-windows-ix86+x86_64, r-oldrel-windows-ix86+x86_64
Version: 1.0
Check: Rd \usage sections
Result: NOTE
S3 methods shown with full name in documentation object 'penalizedLDA-internal':
‘plot.penlda’ ‘print.penlda’ ‘plot.penldacv’ ‘print.penldacv’
The \usage entries for S3 methods should use the \method markup and not
their full name.
See the chapter ‘Writing R documentation files’ in the ‘Writing R
Extensions’ manual.
Flavors: r-patched-linux-x86_64, r-patched-solaris-sparc, r-patched-solaris-x86, r-release-linux-ix86, r-release-linux-x86_64, r-release-osx-x86_64-mavericks, r-release-windows-ix86+x86_64, r-oldrel-windows-ix86+x86_64