CRAN Package Check Results for Package pez

Last updated on 2015-02-05 23:50:31.

Flavor Version Tinstall Tcheck Ttotal Status Flags
r-devel-linux-x86_64-debian-clang 0.9-0 3.73 63.75 67.48 OK
r-devel-linux-x86_64-debian-gcc 0.9-0 3.74 63.75 67.49 OK
r-devel-linux-x86_64-fedora-clang 0.9-0 142.20 OK
r-devel-linux-x86_64-fedora-gcc 0.9-0 139.15 OK
r-devel-osx-x86_64-clang 0.9-0 132.24 OK
r-devel-windows-ix86+x86_64 0.9-0 16.00 102.00 118.00 OK
r-patched-linux-x86_64 0.9-0 5.62 84.49 90.11 OK
r-patched-solaris-sparc 0.9-0 1189.80 OK
r-patched-solaris-x86 0.9-0 252.30 OK
r-release-linux-ix86 0.9-0 6.15 98.30 104.44 OK
r-release-linux-x86_64 0.9-0 6.27 84.94 91.21 OK
r-release-osx-x86_64-mavericks 0.9-0 OK
r-release-osx-x86_64-snowleopard 0.9-0 ERROR
r-release-windows-ix86+x86_64 0.9-0 26.00 128.00 154.00 OK
r-oldrel-windows-ix86+x86_64 0.9-0 20.00 132.00 152.00 OK

Check Details

Version: 0.9-0
Check: package dependencies
Result: ERROR
    Package required but not available: ‘PVR’
    
    See the information on DESCRIPTION files in the chapter ‘Creating R
    packages’ of the ‘Writing R Extensions’ manual.
Flavor: r-release-osx-x86_64-snowleopard