Last updated on 2015-02-05 23:50:31.
Flavor | Version | Tinstall | Tcheck | Ttotal | Status | Flags |
---|---|---|---|---|---|---|
r-devel-linux-x86_64-debian-clang | 1.0 | 0.91 | 27.81 | 28.72 | NOTE | |
r-devel-linux-x86_64-debian-gcc | 1.0 | 0.67 | 26.66 | 27.33 | NOTE | |
r-devel-linux-x86_64-fedora-clang | 1.0 | 56.77 | NOTE | |||
r-devel-linux-x86_64-fedora-gcc | 1.0 | 53.68 | NOTE | |||
r-devel-osx-x86_64-clang | 1.0 | 51.79 | NOTE | |||
r-devel-windows-ix86+x86_64 | 1.0 | 5.00 | 41.00 | 46.00 | OK | |
r-patched-linux-x86_64 | 1.0 | 0.88 | 28.70 | 29.59 | OK | |
r-patched-solaris-sparc | 1.0 | 397.50 | OK | |||
r-patched-solaris-x86 | 1.0 | 99.60 | OK | |||
r-release-linux-ix86 | 1.0 | 1.03 | 39.82 | 40.85 | OK | |
r-release-linux-x86_64 | 1.0 | 0.76 | 29.02 | 29.78 | OK | |
r-release-osx-x86_64-mavericks | 1.0 | OK | ||||
r-release-osx-x86_64-snowleopard | 1.0 | OK | ||||
r-release-windows-ix86+x86_64 | 1.0 | 4.00 | 69.00 | 73.00 | OK | |
r-oldrel-windows-ix86+x86_64 | 1.0 | 4.00 | 70.00 | 74.00 | OK |
Version: 1.0
Check: S3 generic/method consistency
Result: NOTE
Found the following apparent S3 methods exported but not registered:
plot.gv predict.gv summary.gv
See section ‘Registering S3 methods’ in the ‘Writing R Extensions’
manual.
Flavors: r-devel-linux-x86_64-debian-clang, r-devel-linux-x86_64-fedora-clang, r-devel-linux-x86_64-fedora-gcc, r-devel-osx-x86_64-clang
Version: 1.0
Check: S3 generic/method consistency
Result: NOTE
Found the following apparent S3 methods exported but not registered:
summary.gv plot.gv predict.gv
See section ‘Registering S3 methods’ in the ‘Writing R Extensions’
manual.
Flavor: r-devel-linux-x86_64-debian-gcc