CRAN Package Check Results for Package phyloTop

Last updated on 2015-02-05 23:50:31.

Flavor Version Tinstall Tcheck Ttotal Status Flags
r-devel-linux-x86_64-debian-clang 1.1.1 4.46 53.34 57.79 OK
r-devel-linux-x86_64-debian-gcc 1.1.1 4.43 52.86 57.29 OK
r-devel-linux-x86_64-fedora-clang 1.1.1 125.33 OK
r-devel-linux-x86_64-fedora-gcc 1.1.1 61.95 OK
r-devel-osx-x86_64-clang 1.1.1 65.53 OK
r-devel-windows-ix86+x86_64 1.1.1 17.00 80.00 97.00 OK
r-patched-linux-x86_64 1.1.1 6.54 78.43 84.97 OK
r-patched-solaris-sparc 1.1.1 504.00 OK
r-patched-solaris-x86 1.1.1 114.50 OK
r-release-linux-ix86 1.1.1 3.12 48.36 51.48 OK
r-release-linux-x86_64 1.1.1 6.54 77.16 83.70 OK
r-release-osx-x86_64-mavericks 1.1.1 OK
r-release-osx-x86_64-snowleopard 1.1.1 ERROR
r-release-windows-ix86+x86_64 1.1.1 28.00 116.00 144.00 OK
r-oldrel-windows-ix86+x86_64 1.1.1 20.00 116.00 136.00 OK

Check Details

Version: 1.1.1
Check: package dependencies
Result: ERROR
    Package required but not available: ‘phylobase’
    
    See the information on DESCRIPTION files in the chapter ‘Creating R
    packages’ of the ‘Writing R Extensions’ manual.
Flavor: r-release-osx-x86_64-snowleopard