Last updated on 2015-02-05 23:50:32.
Flavor | Version | Tinstall | Tcheck | Ttotal | Status | Flags |
---|---|---|---|---|---|---|
r-devel-linux-x86_64-debian-clang | 0.5-1 | 3.65 | 45.29 | 48.94 | NOTE | |
r-devel-linux-x86_64-debian-gcc | 0.5-1 | 3.37 | 43.47 | 46.84 | NOTE | |
r-devel-linux-x86_64-fedora-clang | 0.5-1 | 100.70 | NOTE | |||
r-devel-linux-x86_64-fedora-gcc | 0.5-1 | 102.83 | NOTE | |||
r-devel-osx-x86_64-clang | 0.5-1 | 94.11 | NOTE | |||
r-devel-windows-ix86+x86_64 | 0.5-1 | 14.00 | 91.00 | 105.00 | NOTE | |
r-patched-linux-x86_64 | 0.5-1 | 4.68 | 56.43 | 61.11 | OK | |
r-patched-solaris-sparc | 0.5-1 | 740.20 | OK | |||
r-patched-solaris-x86 | 0.5-1 | 189.10 | OK | |||
r-release-linux-ix86 | 0.5-1 | 5.61 | 66.01 | 71.62 | OK | |
r-release-linux-x86_64 | 0.5-1 | 4.78 | 55.64 | 60.43 | OK | |
r-release-osx-x86_64-mavericks | 0.5-1 | NOTE | ||||
r-release-osx-x86_64-snowleopard | 0.5-1 | OK | ||||
r-release-windows-ix86+x86_64 | 0.5-1 | 21.00 | 114.00 | 135.00 | OK | |
r-oldrel-windows-ix86+x86_64 | 0.5-1 | 7.00 | 1.00 | 8.00 | ERROR |
Version: 0.5-1
Check: dependencies in R code
Result: NOTE
'library' or 'require' call to ‘rgeos’ in package code.
Please use :: or requireNamespace() instead.
See section 'Suggested packages' in the 'Writing R Extensions' manual.
Flavors: r-devel-linux-x86_64-debian-clang, r-devel-linux-x86_64-debian-gcc, r-devel-linux-x86_64-fedora-clang, r-devel-linux-x86_64-fedora-gcc, r-devel-osx-x86_64-clang, r-devel-windows-ix86+x86_64
Version: 0.5-1
Check: package dependencies
Result: NOTE
Package suggested but not available for checking: 'gpclib'
Flavor: r-devel-windows-ix86+x86_64
Version: 0.5-1
Check: Rd cross-references
Result: NOTE
Package unavailable to check Rd xrefs: 'gpclib'
Flavor: r-devel-windows-ix86+x86_64
Version: 0.5-1
Check: package dependencies
Result: NOTE
Package suggested but not available for checking: ‘rgeos’
Flavor: r-release-osx-x86_64-mavericks
Version: 0.5-1
Check: Rd cross-references
Result: NOTE
Package unavailable to check Rd xrefs: ‘rgeos’
Flavor: r-release-osx-x86_64-mavericks
Version: 0.5-1
Check: whether package can be installed
Result: ERROR
Installation failed.
Flavor: r-oldrel-windows-ix86+x86_64