CRAN Package Check Results for Package polycor

Last updated on 2015-02-05 23:50:32.

Flavor Version Tinstall Tcheck Ttotal Status Flags
r-devel-linux-x86_64-debian-clang 0.7-8 0.75 12.46 13.20 NOTE
r-devel-linux-x86_64-debian-gcc 0.7-8 0.58 12.87 13.44 NOTE
r-devel-linux-x86_64-fedora-clang 0.7-8 25.81 NOTE
r-devel-linux-x86_64-fedora-gcc 0.7-8 24.95 NOTE
r-devel-osx-x86_64-clang 0.7-8 33.01 NOTE
r-devel-windows-ix86+x86_64 0.7-8 4.00 22.00 26.00 NOTE
r-patched-linux-x86_64 0.7-8 0.63 13.92 14.54 NOTE
r-patched-solaris-sparc 0.7-8 166.90 NOTE
r-patched-solaris-x86 0.7-8 40.20 NOTE
r-release-linux-ix86 0.7-8 0.89 20.89 21.78 NOTE
r-release-linux-x86_64 0.7-8 0.62 13.68 14.29 NOTE
r-release-osx-x86_64-mavericks 0.7-8 NOTE
r-release-windows-ix86+x86_64 0.7-8 5.00 25.00 30.00 NOTE
r-oldrel-windows-ix86+x86_64 0.7-8 5.00 42.00 47.00 NOTE

Check Details

Version: 0.7-8
Check: dependencies in R code
Result: NOTE
    Packages in Depends field not imported from:
     ‘mvtnorm’ ‘sfsmisc’
     These packages need to be imported from (in the NAMESPACE file)
     for when this namespace is loaded but not attached.
Flavors: r-devel-linux-x86_64-debian-clang, r-devel-linux-x86_64-debian-gcc, r-devel-linux-x86_64-fedora-clang, r-devel-linux-x86_64-fedora-gcc, r-devel-osx-x86_64-clang, r-devel-windows-ix86+x86_64

Version: 0.7-8
Check: R code for possible problems
Result: NOTE
    binBvn: no visible global function definition for ‘pmvnorm’
    hetcor.data.frame: no visible global function definition for ‘nearcor’
Flavors: r-devel-linux-x86_64-debian-clang, r-devel-linux-x86_64-debian-gcc, r-devel-linux-x86_64-fedora-clang, r-devel-linux-x86_64-fedora-gcc, r-devel-osx-x86_64-clang, r-devel-windows-ix86+x86_64, r-patched-linux-x86_64, r-patched-solaris-sparc, r-patched-solaris-x86, r-release-linux-ix86, r-release-linux-x86_64, r-release-osx-x86_64-mavericks, r-release-windows-ix86+x86_64

Version: 0.7-8
Check: dependencies in R code
Result: NOTE
    Packages in Depends field not imported from:
     ‘mvtnorm’ ‘sfsmisc’
     These packages need to be imported from (in the NAMESPACE file)
     for when this namespace is loaded but not attached.
    See the information on DESCRIPTION files in the chapter ‘Creating R
    packages’ of the ‘Writing R Extensions’ manual.
Flavors: r-patched-linux-x86_64, r-patched-solaris-sparc, r-patched-solaris-x86, r-release-linux-ix86, r-release-linux-x86_64, r-release-osx-x86_64-mavericks, r-release-windows-ix86+x86_64, r-oldrel-windows-ix86+x86_64