Last updated on 2015-02-05 23:50:32.
Flavor | Version | Tinstall | Tcheck | Ttotal | Status | Flags |
---|---|---|---|---|---|---|
r-devel-linux-x86_64-debian-clang | 0.2-7 | 1.54 | 21.51 | 23.05 | NOTE | --no-vignettes |
r-devel-linux-x86_64-debian-gcc | 0.2-7 | 1.42 | 20.83 | 22.25 | NOTE | --no-vignettes |
r-devel-linux-x86_64-fedora-clang | 0.2-7 | 496.34 | NOTE | |||
r-devel-linux-x86_64-fedora-gcc | 0.2-7 | 465.51 | NOTE | |||
r-devel-osx-x86_64-clang | 0.2-7 | 426.14 | NOTE | |||
r-devel-windows-ix86+x86_64 | 0.2-7 | 7.00 | 348.00 | 355.00 | NOTE | |
r-patched-linux-x86_64 | 0.2-7 | 1.69 | 24.21 | 25.90 | NOTE | --no-vignettes |
r-patched-solaris-sparc | 0.2-7 | 3424.80 | NOTE | |||
r-patched-solaris-x86 | 0.2-7 | 592.00 | NOTE | |||
r-release-linux-ix86 | 0.2-7 | 2.23 | 32.41 | 34.64 | NOTE | --no-vignettes |
r-release-linux-x86_64 | 0.2-7 | 1.67 | 25.02 | 26.70 | NOTE | --no-vignettes |
r-release-osx-x86_64-mavericks | 0.2-7 | NOTE | ||||
r-release-osx-x86_64-snowleopard | 0.2-7 | ERROR | ||||
r-release-windows-ix86+x86_64 | 0.2-7 | 9.00 | 470.00 | 479.00 | NOTE | |
r-oldrel-windows-ix86+x86_64 | 0.2-7 | 9.00 | 566.00 | 575.00 | NOTE |
Version: 0.2-7
Flags: --no-vignettes
Check: dependencies in R code
Result: NOTE
'library' or 'require' call to ‘methods’ which was already attached by Depends.
Please remove these calls from your code.
Packages in Depends field not imported from:
‘lattice’ ‘methods’
These packages need to be imported from (in the NAMESPACE file)
for when this namespace is loaded but not attached.
Flavors: r-devel-linux-x86_64-debian-clang, r-devel-linux-x86_64-debian-gcc
Version: 0.2-7
Flags: --no-vignettes
Check: R code for possible problems
Result: NOTE
File ‘portfolioSim/R/AllClasses.R’:
.onLoad calls:
require(methods)
Package startup functions should not change the search path.
See section ‘Good practice’ in '?.onAttach'.
plot,simResult-missing: no visible global function definition for
‘xyplot’
Flavors: r-devel-linux-x86_64-debian-clang, r-devel-linux-x86_64-debian-gcc, r-patched-linux-x86_64, r-release-linux-ix86, r-release-linux-x86_64
Version: 0.2-7
Check: dependencies in R code
Result: NOTE
'library' or 'require' call to ‘methods’ which was already attached by Depends.
Please remove these calls from your code.
Packages in Depends field not imported from:
‘lattice’ ‘methods’
These packages need to be imported from (in the NAMESPACE file)
for when this namespace is loaded but not attached.
Flavors: r-devel-linux-x86_64-fedora-clang, r-devel-linux-x86_64-fedora-gcc, r-devel-osx-x86_64-clang, r-devel-windows-ix86+x86_64
Version: 0.2-7
Check: R code for possible problems
Result: NOTE
File ‘portfolioSim/R/AllClasses.R’:
.onLoad calls:
require(methods)
Package startup functions should not change the search path.
See section ‘Good practice’ in '?.onAttach'.
plot,simResult-missing: no visible global function definition for
‘xyplot’
Flavors: r-devel-linux-x86_64-fedora-clang, r-devel-linux-x86_64-fedora-gcc, r-devel-osx-x86_64-clang, r-devel-windows-ix86+x86_64, r-patched-solaris-sparc, r-patched-solaris-x86, r-release-osx-x86_64-mavericks, r-release-windows-ix86+x86_64
Version: 0.2-7
Flags: --no-vignettes
Check: dependencies in R code
Result: NOTE
'library' or 'require' call to ‘methods’ which was already attached by Depends.
Please remove these calls from your code.
Packages in Depends field not imported from:
‘lattice’ ‘methods’
These packages need to be imported from (in the NAMESPACE file)
for when this namespace is loaded but not attached.
See the information on DESCRIPTION files in the chapter ‘Creating R
packages’ of the ‘Writing R Extensions’ manual.
Flavors: r-patched-linux-x86_64, r-release-linux-ix86, r-release-linux-x86_64
Version: 0.2-7
Check: dependencies in R code
Result: NOTE
'library' or 'require' call to ‘methods’ which was already attached by Depends.
Please remove these calls from your code.
Packages in Depends field not imported from:
‘lattice’ ‘methods’
These packages need to be imported from (in the NAMESPACE file)
for when this namespace is loaded but not attached.
See the information on DESCRIPTION files in the chapter ‘Creating R
packages’ of the ‘Writing R Extensions’ manual.
Flavors: r-patched-solaris-sparc, r-patched-solaris-x86, r-release-osx-x86_64-mavericks, r-release-windows-ix86+x86_64, r-oldrel-windows-ix86+x86_64
Version: 0.2-7
Check: whether package can be installed
Result: ERROR
Installation failed.
Flavor: r-release-osx-x86_64-snowleopard