Last updated on 2015-02-05 23:50:32.
Flavor | Version | Tinstall | Tcheck | Ttotal | Status | Flags |
---|---|---|---|---|---|---|
r-devel-linux-x86_64-debian-clang | 1.6-1 | 0.76 | 13.10 | 13.86 | NOTE | |
r-devel-linux-x86_64-debian-gcc | 1.6-1 | 0.73 | 12.90 | 13.63 | NOTE | |
r-devel-linux-x86_64-fedora-clang | 1.6-1 | 27.90 | NOTE | |||
r-devel-linux-x86_64-fedora-gcc | 1.6-1 | 25.10 | NOTE | |||
r-devel-osx-x86_64-clang | 1.6-1 | 31.78 | NOTE | |||
r-devel-windows-ix86+x86_64 | 1.6-1 | 4.00 | 24.00 | 28.00 | OK | |
r-patched-linux-x86_64 | 1.6-1 | 0.81 | 14.23 | 15.04 | OK | |
r-patched-solaris-sparc | 1.6-1 | 179.90 | OK | |||
r-patched-solaris-x86 | 1.6-1 | 42.60 | OK | |||
r-release-linux-ix86 | 1.6-1 | 1.14 | 21.38 | 22.52 | OK | |
r-release-linux-x86_64 | 1.6-1 | 0.84 | 14.32 | 15.16 | OK | |
r-release-osx-x86_64-mavericks | 1.6-1 | OK | ||||
r-release-osx-x86_64-snowleopard | 1.6-1 | OK | ||||
r-release-windows-ix86+x86_64 | 1.6-1 | 6.00 | 26.00 | 32.00 | OK | |
r-oldrel-windows-ix86+x86_64 | 1.6-1 | 4.00 | 43.00 | 47.00 | OK |
Version: 1.6-1
Check: S3 generic/method consistency
Result: NOTE
Found the following apparent S3 methods exported but not registered:
coef.mypls vcov.mypls
See section ‘Registering S3 methods’ in the ‘Writing R Extensions’
manual.
Flavors: r-devel-linux-x86_64-debian-clang, r-devel-linux-x86_64-debian-gcc, r-devel-linux-x86_64-fedora-clang, r-devel-linux-x86_64-fedora-gcc, r-devel-osx-x86_64-clang