CRAN Package Check Results for Package prefmod

Last updated on 2015-02-05 23:50:32.

Flavor Version Tinstall Tcheck Ttotal Status Flags
r-devel-linux-x86_64-debian-clang 0.8-32 6.22 57.80 64.01 OK
r-devel-linux-x86_64-debian-gcc 0.8-32 6.23 53.39 59.62 OK
r-devel-linux-x86_64-fedora-clang 0.8-32 122.34 OK
r-devel-linux-x86_64-fedora-gcc 0.8-32 120.44 OK
r-devel-osx-x86_64-clang 0.8-32 120.79 OK
r-devel-windows-ix86+x86_64 0.8-32 23.00 105.00 128.00 OK
r-patched-linux-x86_64 0.8-32 8.58 66.08 74.66 OK
r-patched-solaris-sparc 0.8-32 872.20 OK
r-patched-solaris-x86 0.8-32 216.20 OK
r-release-linux-ix86 0.8-32 9.86 80.23 90.09 OK
r-release-linux-x86_64 0.8-32 7.48 65.32 72.80 OK
r-release-osx-x86_64-mavericks 0.8-32 OK
r-release-osx-x86_64-snowleopard 0.8-32 OK
r-release-windows-ix86+x86_64 0.8-32 28.00 123.00 151.00 OK
r-oldrel-windows-ix86+x86_64 0.8-32 21.00 123.00 144.00 WARN

Check Details

Version: 0.8-32
Check: for code/documentation mismatches
Result: WARN
    Data codoc mismatches from documentation object 'trdel':
    Variables in data frame 'trdel'
     Code: V1 V10 V2 V3 V4 V5 V6 V7 V8 V9 age ltype sex
     Docs: V1} \code{V10 \code{V2} \code{V3} \code{V4} \code{V5} \code{V6}
     \code{V7} \code{V8} \code{V9} age ltype sex
Flavor: r-oldrel-windows-ix86+x86_64