CRAN Package Check Results for Package protr

Last updated on 2015-02-05 23:50:32.

Flavor Version Tinstall Tcheck Ttotal Status Flags
r-devel-linux-x86_64-debian-clang 0.5-1 1.59 76.94 78.53 OK
r-devel-linux-x86_64-debian-gcc 0.5-1 1.60 75.32 76.91 OK
r-devel-linux-x86_64-fedora-clang 0.5-1 132.75 OK
r-devel-linux-x86_64-fedora-gcc 0.5-1 114.21 OK
r-devel-osx-x86_64-clang 0.5-1 120.34 OK
r-devel-windows-ix86+x86_64 0.5-1 11.00 87.00 98.00 OK
r-patched-linux-x86_64 0.5-1 1.81 78.54 80.34 OK
r-patched-solaris-sparc 0.5-1 699.30 OK
r-patched-solaris-x86 0.5-1 151.40 OK
r-release-linux-ix86 0.5-1 2.36 85.27 87.63 OK
r-release-linux-x86_64 0.5-1 1.77 78.98 80.75 OK
r-release-osx-x86_64-mavericks 0.5-1 OK
r-release-osx-x86_64-snowleopard 0.5-1 OK
r-release-windows-ix86+x86_64 0.5-1 9.00 93.00 102.00 OK
r-oldrel-windows-ix86+x86_64 0.5-1 12.00 97.00 109.00 NOTE

Check Details

Version: 0.5-1
Check: R code for possible problems
Result: NOTE
    Error : .onLoad failed in loadNamespace() for 'GO.db', details:
     call: match.arg(synchronous, c("off", "normal", "full"))
     error: 'arg' must be NULL or a character vector
    Error : .onLoad failed in loadNamespace() for 'org.Hs.eg.db', details:
     call: match.arg(synchronous, c("off", "normal", "full"))
     error: 'arg' must be NULL or a character vector
Flavor: r-oldrel-windows-ix86+x86_64