Last updated on 2015-02-05 23:50:32.
Flavor | Version | Tinstall | Tcheck | Ttotal | Status | Flags |
---|---|---|---|---|---|---|
r-devel-linux-x86_64-debian-clang | 1.0 | 0.86 | 13.96 | 14.82 | NOTE | |
r-devel-linux-x86_64-debian-gcc | 1.0 | 0.65 | 13.51 | 14.16 | NOTE | |
r-devel-linux-x86_64-fedora-clang | 1.0 | 28.32 | NOTE | |||
r-devel-linux-x86_64-fedora-gcc | 1.0 | 26.61 | NOTE | |||
r-devel-osx-x86_64-clang | 1.0 | 35.96 | NOTE | |||
r-devel-windows-ix86+x86_64 | 1.0 | 5.00 | 33.00 | 38.00 | NOTE | |
r-patched-linux-x86_64 | 1.0 | 0.74 | 16.32 | 17.06 | NOTE | |
r-patched-solaris-sparc | 1.0 | 195.00 | NOTE | |||
r-patched-solaris-x86 | 1.0 | 46.60 | NOTE | |||
r-release-linux-ix86 | 1.0 | 1.08 | 22.42 | 23.50 | NOTE | |
r-release-linux-x86_64 | 1.0 | 0.74 | 16.10 | 16.84 | NOTE | |
r-release-osx-x86_64-mavericks | 1.0 | NOTE | ||||
r-release-osx-x86_64-snowleopard | 1.0 | OK | ||||
r-release-windows-ix86+x86_64 | 1.0 | 4.00 | 29.00 | 33.00 | NOTE | |
r-oldrel-windows-ix86+x86_64 | 1.0 | 4.00 | 26.00 | 30.00 | NOTE |
Version: 1.0
Check: dependencies in R code
Result: NOTE
Packages in Depends field not imported from:
‘LearnBayes’ ‘SuppDists’ ‘bayesm’ ‘mvtnorm’
These packages need to be imported from (in the NAMESPACE file)
for when this namespace is loaded but not attached.
Flavors: r-devel-linux-x86_64-debian-clang, r-devel-linux-x86_64-debian-gcc, r-devel-linux-x86_64-fedora-clang, r-devel-linux-x86_64-fedora-gcc, r-devel-osx-x86_64-clang, r-devel-windows-ix86+x86_64
Version: 1.0
Check: R code for possible problems
Result: NOTE
UpdateSigma.EN: no visible global function definition for ‘rigamma’
UpdateSigma.FL: no visible global function definition for ‘rigamma’
UpdateSigma.GL: no visible global function definition for ‘rigamma’
UpdateTau: no visible global function definition for ‘rinvGauss’
UpdateTau.GL: no visible global function definition for ‘rinvGauss’
UpdateW.FL: no visible global function definition for ‘rinvGauss’
psbcEN: no visible global function definition for ‘fsh’
psbcFL: no visible global function definition for ‘fsh’
psbcGL: no visible global function definition for ‘fsh’
Flavors: r-devel-linux-x86_64-debian-clang, r-devel-linux-x86_64-debian-gcc, r-devel-linux-x86_64-fedora-clang, r-devel-linux-x86_64-fedora-gcc, r-devel-osx-x86_64-clang, r-devel-windows-ix86+x86_64, r-patched-linux-x86_64, r-patched-solaris-sparc, r-patched-solaris-x86, r-release-linux-ix86, r-release-linux-x86_64, r-release-osx-x86_64-mavericks, r-release-windows-ix86+x86_64
Version: 1.0
Check: Rd line widths
Result: NOTE
Rd file 'psbcEN.Rd':
\examples lines wider than 100 characters:
max(survObj$t[-which(survObj$t==max(survObj$t))]))
Rd file 'psbcFL.Rd':
\examples lines wider than 100 characters:
max(survObj$t[-which(survObj$t==max(survObj$t))]))
Rd file 'psbcGL.Rd':
\examples lines wider than 100 characters:
max(survObj$t[-which(survObj$t==max(survObj$t))]))
initial$tauSq <- rexp(length(unique(priorPara$groupInd)), rate = initial$lambdaSq/2)
These lines will be truncated in the PDF manual.
Flavors: r-devel-linux-x86_64-debian-clang, r-devel-linux-x86_64-debian-gcc, r-devel-linux-x86_64-fedora-clang, r-devel-linux-x86_64-fedora-gcc, r-patched-linux-x86_64, r-release-linux-ix86, r-release-linux-x86_64
Version: 1.0
Check: dependencies in R code
Result: NOTE
Packages in Depends field not imported from:
‘LearnBayes’ ‘SuppDists’ ‘bayesm’ ‘mvtnorm’
These packages need to be imported from (in the NAMESPACE file)
for when this namespace is loaded but not attached.
See the information on DESCRIPTION files in the chapter ‘Creating R
packages’ of the ‘Writing R Extensions’ manual.
Flavors: r-patched-linux-x86_64, r-patched-solaris-sparc, r-patched-solaris-x86, r-release-linux-ix86, r-release-linux-x86_64, r-release-osx-x86_64-mavericks, r-release-windows-ix86+x86_64, r-oldrel-windows-ix86+x86_64